CRAN Package Check Results for Package bpr

Last updated on 2025-11-12 07:50:43 CET.

Flavor Version Tinstall Tcheck Ttotal Status Flags
r-devel-linux-x86_64-debian-clang 1.0.8 95.17 35.33 130.50 NOTE
r-devel-linux-x86_64-debian-gcc 1.0.8 56.99 26.63 83.62 NOTE
r-devel-linux-x86_64-fedora-clang 1.0.8 112.00 135.07 247.07 OK
r-devel-linux-x86_64-fedora-gcc 1.0.8 99.00 115.81 214.81 OK
r-devel-windows-x86_64 1.0.8 102.00 78.00 180.00 OK
r-patched-linux-x86_64 1.0.8 89.00 33.66 122.66 OK
r-release-linux-x86_64 1.0.8 89.78 33.51 123.29 OK
r-release-macos-arm64 1.0.8 30.00 22.00 52.00 OK
r-release-macos-x86_64 1.0.8 31.00 32.00 63.00 OK
r-release-windows-x86_64 1.0.8 100.00 84.00 184.00 OK
r-oldrel-macos-arm64 1.0.8 26.00 24.00 50.00 OK
r-oldrel-macos-x86_64 1.0.8 32.00 28.00 60.00 OK
r-oldrel-windows-x86_64 1.0.8 119.00 96.00 215.00 OK

Check Details

Version: 1.0.8
Check: CRAN incoming feasibility
Result: NOTE Maintainer: ‘Laura D'Angelo <laura.dangelo@live.com>’ No Authors@R field in DESCRIPTION. Please add one, modifying Authors@R: person(given = "Laura", family = "D'Angelo", role = c("aut", "cre"), email = "laura.dangelo@live.com") as necessary. Flavors: r-devel-linux-x86_64-debian-clang, r-devel-linux-x86_64-debian-gcc