CRAN Package Check Results for Package briqr

Last updated on 2025-11-15 07:49:58 CET.

Flavor Version Tinstall Tcheck Ttotal Status Flags
r-devel-linux-x86_64-debian-clang 0.1.0 1.75 22.02 23.77 OK
r-devel-linux-x86_64-debian-gcc 0.1.0 1.41 18.15 19.56 OK
r-devel-linux-x86_64-fedora-clang 0.1.0 34.73 OK
r-devel-linux-x86_64-fedora-gcc 0.1.0 33.67 OK
r-devel-windows-x86_64 0.1.0 6.00 39.00 45.00 OK
r-patched-linux-x86_64 0.1.0 1.67 21.15 22.82 OK
r-release-linux-x86_64 0.1.0 1.73 20.16 21.89 OK
r-release-macos-arm64 0.1.0 1.00 17.00 18.00 OK
r-release-macos-x86_64 0.1.0 2.00 23.00 25.00 OK
r-release-windows-x86_64 0.1.0 3.00 38.00 41.00 OK
r-oldrel-macos-arm64 0.1.0 1.00 16.00 17.00 NOTE
r-oldrel-macos-x86_64 0.1.0 1.00 22.00 23.00 NOTE
r-oldrel-windows-x86_64 0.1.0 5.00 46.00 51.00 NOTE

Check Details

Version: 0.1.0
Check: LazyData
Result: NOTE 'LazyData' is specified without a 'data' directory Flavors: r-oldrel-macos-arm64, r-oldrel-macos-x86_64, r-oldrel-windows-x86_64