Last updated on 2025-04-16 18:50:01 CEST.
Flavor | Version | Tinstall | Tcheck | Ttotal | Status | Flags |
---|---|---|---|---|---|---|
r-devel-linux-x86_64-debian-clang | 2.0 | 120.89 | 46.61 | 167.50 | OK | |
r-devel-linux-x86_64-debian-gcc | 2.0 | 85.51 | 34.87 | 120.38 | OK | |
r-devel-linux-x86_64-fedora-clang | 2.0 | 321.22 | OK | |||
r-devel-linux-x86_64-fedora-gcc | 2.0 | 318.78 | OK | |||
r-devel-windows-x86_64 | 2.0 | 136.00 | 105.00 | 241.00 | OK | |
r-patched-linux-x86_64 | 2.0 | 120.91 | 45.05 | 165.96 | OK | |
r-release-linux-x86_64 | 2.0 | 121.02 | 45.04 | 166.06 | OK | |
r-release-macos-arm64 | 2.0 | 89.00 | OK | |||
r-release-macos-x86_64 | 2.0 | 104.00 | OK | |||
r-release-windows-x86_64 | 2.0 | 136.00 | 103.00 | 239.00 | OK | |
r-oldrel-macos-arm64 | 2.0 | 74.00 | NOTE | |||
r-oldrel-macos-x86_64 | 2.0 | 138.00 | NOTE | |||
r-oldrel-windows-x86_64 | 2.0 | 157.00 | 123.00 | 280.00 | OK |
Version: 2.0
Check: installed package size
Result: NOTE
installed size is 9.1Mb
sub-directories of 1Mb or more:
libs 8.0Mb
Flavors: r-oldrel-macos-arm64, r-oldrel-macos-x86_64