Last updated on 2025-10-21 18:49:42 CEST.
Flavor | Version | Tinstall | Tcheck | Ttotal | Status | Flags |
---|---|---|---|---|---|---|
r-devel-linux-x86_64-debian-clang | 0.2.4 | 344.26 | 212.61 | 556.87 | NOTE | |
r-devel-linux-x86_64-debian-gcc | 0.2.4 | 219.50 | 157.22 | 376.72 | NOTE | |
r-devel-linux-x86_64-fedora-clang | 0.2.4 | 559.00 | 439.07 | 998.07 | OK | |
r-devel-linux-x86_64-fedora-gcc | 0.2.4 | 297.00 | 638.36 | 935.36 | OK | |
r-devel-windows-x86_64 | 0.2.4 | 360.00 | 242.00 | 602.00 | OK | |
r-patched-linux-x86_64 | 0.2.4 | 348.96 | 204.65 | 553.61 | OK | |
r-release-linux-x86_64 | 0.2.4 | 353.34 | 205.13 | 558.47 | OK | |
r-release-macos-arm64 | 0.2.4 | 125.00 | 136.00 | 261.00 | OK | |
r-release-macos-x86_64 | 0.2.4 | 99.00 | 247.00 | 346.00 | OK | |
r-release-windows-x86_64 | 0.2.4 | 359.00 | 241.00 | 600.00 | OK | |
r-oldrel-macos-arm64 | 0.2.4 | 109.00 | 120.00 | 229.00 | NOTE | |
r-oldrel-macos-x86_64 | 0.2.4 | 95.00 | 172.00 | 267.00 | NOTE | |
r-oldrel-windows-x86_64 | 0.2.4 | 429.00 | 296.00 | 725.00 | OK |
Version: 0.2.4
Check: DESCRIPTION meta-information
Result: NOTE
Author field differs from that derived from Authors@R
Author: ‘Franz X. Mohr [aut, cre] (0009-0003-8890-7781)’
Authors@R: ‘Franz X. Mohr [aut, cre] (ORCiD: 0009-0003-8890-7781)’
Flavors: r-devel-linux-x86_64-debian-clang, r-devel-linux-x86_64-debian-gcc
Version: 0.2.4
Check: HTML version of manual
Result: NOTE
Found the following HTML validation problems:
draw_posterior.html:51:1 (draw_posterior.Rd:13): Warning: missing </ul> before </div>
plot.bvarlist.html:64:1 (plot.bvarlist.Rd:19): Warning: missing </ul> before </div>
Flavors: r-devel-linux-x86_64-debian-clang, r-devel-linux-x86_64-debian-gcc
Version: 0.2.4
Check: installed package size
Result: NOTE
installed size is 22.4Mb
sub-directories of 1Mb or more:
libs 20.9Mb
Flavors: r-oldrel-macos-arm64, r-oldrel-macos-x86_64