Last updated on 2025-10-28 05:49:43 CET.
| Flavor | Version | Tinstall | Tcheck | Ttotal | Status | Flags |
|---|---|---|---|---|---|---|
| r-devel-linux-x86_64-debian-clang | 1.0.1 | 11.46 | 100.09 | 111.55 | NOTE | |
| r-devel-linux-x86_64-debian-gcc | 1.0.1 | 7.90 | 69.75 | 77.65 | NOTE | |
| r-devel-linux-x86_64-fedora-clang | 1.0.1 | 23.00 | 151.64 | 174.64 | OK | |
| r-devel-linux-x86_64-fedora-gcc | 1.0.1 | 25.00 | 139.94 | 164.94 | OK | |
| r-devel-windows-x86_64 | 1.0.1 | 14.00 | 101.00 | 115.00 | OK | |
| r-patched-linux-x86_64 | 1.0.1 | 10.70 | 96.12 | 106.82 | OK | |
| r-release-linux-x86_64 | 1.0.1 | 10.40 | 94.61 | 105.01 | OK | |
| r-release-macos-arm64 | 1.0.1 | 5.00 | 39.00 | 44.00 | OK | |
| r-release-macos-x86_64 | 1.0.1 | 10.00 | 76.00 | 86.00 | OK | |
| r-release-windows-x86_64 | 1.0.1 | 12.00 | 105.00 | 117.00 | OK | |
| r-oldrel-macos-arm64 | 1.0.1 | 5.00 | 38.00 | 43.00 | OK | |
| r-oldrel-macos-x86_64 | 1.0.1 | 7.00 | 61.00 | 68.00 | OK | |
| r-oldrel-windows-x86_64 | 1.0.1 | 18.00 | 131.00 | 149.00 | OK |
Version: 1.0.1
Check: CRAN incoming feasibility
Result: NOTE
Maintainer: ‘Audrey Q. Fu <audreyqyfu@gmail.com>’
No Authors@R field in DESCRIPTION.
Please add one, modifying
Authors@R: c(person(given = c("Audrey", "Qiuyan"),
family = "Fu",
role = "aut"),
person(given = "Xiaoyue",
family = "Wang",
role = "aut"),
person(given = c("Audrey", "Q."),
family = "Fu",
role = "cre",
email = "audreyqyfu@gmail.com"))
as necessary.
Flavors: r-devel-linux-x86_64-debian-clang, r-devel-linux-x86_64-debian-gcc