Last updated on 2025-02-21 19:50:22 CET.
Flavor | Version | Tinstall | Tcheck | Ttotal | Status | Flags |
---|---|---|---|---|---|---|
r-devel-linux-x86_64-debian-clang | 0.14.0 | 12.30 | 115.94 | 128.24 | NOTE | |
r-devel-linux-x86_64-debian-gcc | 0.14.0 | 9.17 | 83.20 | 92.37 | NOTE | |
r-devel-linux-x86_64-fedora-clang | 0.14.0 | 204.89 | OK | |||
r-devel-linux-x86_64-fedora-gcc | 0.14.0 | 203.17 | OK | |||
r-devel-macos-arm64 | 0.14.0 | 63.00 | OK | |||
r-devel-macos-x86_64 | 0.14.0 | 150.00 | OK | |||
r-devel-windows-x86_64 | 0.14.0 | 16.00 | 122.00 | 138.00 | NOTE | |
r-patched-linux-x86_64 | 0.14.0 | 20.66 | 108.81 | 129.47 | OK | |
r-release-linux-x86_64 | 0.14.0 | 14.38 | 108.98 | 123.36 | OK | |
r-release-macos-arm64 | 0.14.0 | 58.00 | OK | |||
r-release-macos-x86_64 | 0.14.0 | 84.00 | OK | |||
r-release-windows-x86_64 | 0.14.0 | 16.00 | 124.00 | 140.00 | OK | |
r-oldrel-macos-arm64 | 0.14.0 | 54.00 | OK | |||
r-oldrel-macos-x86_64 | 0.14.0 | 100.00 | OK | |||
r-oldrel-windows-x86_64 | 0.14.0 | 19.00 | 144.00 | 163.00 | OK |
Version: 0.14.0
Check: Rd cross-references
Result: NOTE
Found the following Rd file(s) with Rd \link{} targets missing package
anchors:
CalculateGlobalSens.Rd: sensRange
CalculateLocalSens.Rd: sensFun, sensRange
DesignSurvey.Rd: svydesign
PlotLocalSens.Rd: element_text
SetRanges.Rd: sensRange
Please provide package anchors for all Rd \link{} targets not in the
package itself and the base packages.
Flavors: r-devel-linux-x86_64-debian-clang, r-devel-linux-x86_64-debian-gcc, r-devel-windows-x86_64