Last updated on 2025-02-22 07:51:27 CET.
Flavor | Version | Tinstall | Tcheck | Ttotal | Status | Flags |
---|---|---|---|---|---|---|
r-devel-linux-x86_64-debian-clang | 0.4.9 | 3.09 | 38.47 | 41.56 | NOTE | |
r-devel-linux-x86_64-debian-gcc | 0.4.9 | 2.36 | 29.60 | 31.96 | NOTE | |
r-devel-linux-x86_64-fedora-clang | 0.4.9 | 67.87 | NOTE | |||
r-devel-linux-x86_64-fedora-gcc | 0.4.9 | 81.72 | NOTE | |||
r-devel-macos-arm64 | 0.4.9 | 32.00 | NOTE | |||
r-devel-macos-x86_64 | 0.4.9 | 59.00 | NOTE | |||
r-devel-windows-x86_64 | 0.4.9 | 4.00 | 92.00 | 96.00 | NOTE | |
r-patched-linux-x86_64 | 0.4.9 | 3.25 | 37.40 | 40.65 | NOTE | |
r-release-linux-x86_64 | 0.4.9 | 2.87 | 37.48 | 40.35 | NOTE | |
r-release-macos-arm64 | 0.4.9 | 31.00 | NOTE | |||
r-release-macos-x86_64 | 0.4.9 | 47.00 | NOTE | |||
r-release-windows-x86_64 | 0.4.9 | 3.00 | 92.00 | 95.00 | NOTE | |
r-oldrel-macos-arm64 | 0.4.9 | 131.00 | OK | |||
r-oldrel-macos-x86_64 | 0.4.9 | 166.00 | OK | |||
r-oldrel-windows-x86_64 | 0.4.9 | 3.00 | 89.00 | 92.00 | OK |
Version: 0.4.9
Check: Rd files
Result: NOTE
checkRd: (-1) fitweibull.Rd:51: Lost braces in \itemize; \value handles \item{}{} directly
checkRd: (-1) fitweibull.Rd:52: Lost braces in \itemize; \value handles \item{}{} directly
checkRd: (-1) fitweibull.Rd:53: Lost braces in \itemize; \value handles \item{}{} directly
Flavors: r-devel-linux-x86_64-debian-clang, r-devel-linux-x86_64-debian-gcc, r-devel-linux-x86_64-fedora-clang, r-devel-linux-x86_64-fedora-gcc, r-devel-macos-arm64, r-devel-macos-x86_64, r-devel-windows-x86_64, r-patched-linux-x86_64, r-release-linux-x86_64, r-release-macos-arm64, r-release-macos-x86_64, r-release-windows-x86_64