Last updated on 2025-02-21 19:50:22 CET.
Flavor | Version | Tinstall | Tcheck | Ttotal | Status | Flags |
---|---|---|---|---|---|---|
r-devel-linux-x86_64-debian-clang | 2.5.3 | 106.89 | 270.90 | 377.79 | OK | |
r-devel-linux-x86_64-debian-gcc | 2.5.3 | 78.23 | 193.18 | 271.41 | OK | |
r-devel-linux-x86_64-fedora-clang | 2.5.3 | 654.98 | OK | |||
r-devel-linux-x86_64-fedora-gcc | 2.5.3 | 632.76 | OK | |||
r-devel-macos-arm64 | 2.5.3 | 154.00 | OK | |||
r-devel-macos-x86_64 | 2.5.3 | 288.00 | OK | |||
r-devel-windows-x86_64 | 2.5.3 | 115.00 | 296.00 | 411.00 | OK | |
r-patched-linux-x86_64 | 2.5.3 | 109.93 | 259.18 | 369.11 | OK | |
r-release-linux-x86_64 | 2.5.3 | 106.34 | 257.66 | 364.00 | OK | |
r-release-macos-arm64 | 2.5.3 | 147.00 | NOTE | |||
r-release-macos-x86_64 | 2.5.3 | 217.00 | NOTE | |||
r-release-windows-x86_64 | 2.5.3 | 119.00 | 280.00 | 399.00 | NOTE | |
r-oldrel-macos-arm64 | 2.5.3 | 169.00 | NOTE | |||
r-oldrel-macos-x86_64 | 2.5.3 | 309.00 | NOTE | |||
r-oldrel-windows-x86_64 | 2.5.3 | 139.00 | 342.00 | 481.00 | NOTE |
Version: 2.5.3
Check: installed package size
Result: NOTE
installed size is 15.1Mb
sub-directories of 1Mb or more:
data 3.2Mb
doc 2.0Mb
libs 9.5Mb
Flavors: r-release-macos-arm64, r-release-macos-x86_64, r-release-windows-x86_64, r-oldrel-macos-arm64, r-oldrel-macos-x86_64, r-oldrel-windows-x86_64