CRAN Package Check Results for Package censCov

Last updated on 2025-04-29 06:49:38 CEST.

Flavor Version Tinstall Tcheck Ttotal Status Flags
r-devel-linux-x86_64-debian-clang 1.0-0 7.14 55.50 62.64 OK
r-devel-linux-x86_64-debian-gcc 1.0-0 4.87 41.81 46.68 NOTE
r-devel-linux-x86_64-fedora-clang 1.0-0 96.27 OK
r-devel-linux-x86_64-fedora-gcc 1.0-0 92.89 OK
r-devel-windows-x86_64 1.0-0 7.00 66.00 73.00 OK
r-patched-linux-x86_64 1.0-0 6.30 53.53 59.83 OK
r-release-linux-x86_64 1.0-0 6.08 54.20 60.28 OK
r-release-macos-arm64 1.0-0 34.00 OK
r-release-macos-x86_64 1.0-0 54.00 OK
r-release-windows-x86_64 1.0-0 7.00 68.00 75.00 OK
r-oldrel-macos-arm64 1.0-0 30.00 OK
r-oldrel-macos-x86_64 1.0-0 60.00 OK
r-oldrel-windows-x86_64 1.0-0 9.00 73.00 82.00 OK

Check Details

Version: 1.0-0
Check: CRAN incoming feasibility
Result: NOTE Maintainer: ‘Sy Han (Steven) Chiou <schiou@hsph.harvard.edu>’ No Authors@R field in DESCRIPTION. Please add one, modifying Authors@R: c(person(given = "Jing", family = "Qian", role = "aut"), person(given = c("Sy", "Han"), family = "Chiou", role = "aut", comment = "Steven"), person(given = c("Sy", "Han"), family = "Chiou", role = "cre", email = "schiou@hsph.harvard.edu", comment = "Steven")) as necessary. Flavor: r-devel-linux-x86_64-debian-gcc