Last updated on 2025-02-22 07:51:27 CET.
Flavor | Version | Tinstall | Tcheck | Ttotal | Status | Flags |
---|---|---|---|---|---|---|
r-devel-linux-x86_64-debian-clang | 0.1.0.2 | 5.12 | 58.51 | 63.63 | NOTE | |
r-devel-linux-x86_64-debian-gcc | 0.1.0.2 | 4.51 | 39.40 | 43.91 | NOTE | |
r-devel-linux-x86_64-fedora-clang | 0.1.0.2 | 101.30 | NOTE | |||
r-devel-linux-x86_64-fedora-gcc | 0.1.0.2 | 94.78 | NOTE | |||
r-devel-macos-arm64 | 0.1.0.2 | 30.00 | OK | |||
r-devel-macos-x86_64 | 0.1.0.2 | 62.00 | NOTE | |||
r-devel-windows-x86_64 | 0.1.0.2 | 8.00 | 73.00 | 81.00 | NOTE | |
r-patched-linux-x86_64 | 0.1.0.2 | 8.84 | 52.70 | 61.54 | OK | |
r-release-linux-x86_64 | 0.1.0.2 | 5.34 | 53.06 | 58.40 | OK | |
r-release-macos-arm64 | 0.1.0.2 | 31.00 | OK | |||
r-release-macos-x86_64 | 0.1.0.2 | 44.00 | OK | |||
r-release-windows-x86_64 | 0.1.0.2 | 9.00 | 70.00 | 79.00 | OK | |
r-oldrel-macos-arm64 | 0.1.0.2 | 30.00 | OK | |||
r-oldrel-macos-x86_64 | 0.1.0.2 | 47.00 | OK | |||
r-oldrel-windows-x86_64 | 0.1.0.2 | 9.00 | 84.00 | 93.00 | OK |
Version: 0.1.0.2
Check: DESCRIPTION meta-information
Result: NOTE
Missing dependency on R >= 4.1.0 because package code uses the pipe
|> or function shorthand \(...) syntax added in R 4.1.0.
File(s) using such syntax:
‘Ryacas-all.R’
Flavors: r-devel-linux-x86_64-debian-clang, r-devel-linux-x86_64-debian-gcc, r-devel-linux-x86_64-fedora-clang, r-devel-linux-x86_64-fedora-gcc, r-devel-macos-x86_64, r-devel-windows-x86_64
Version: 0.1.0.2
Check: Rd cross-references
Result: NOTE
Found the following Rd file(s) with Rd \link{} targets missing package
anchors:
ggpng.Rd: ggsave
Please provide package anchors for all Rd \link{} targets not in the
package itself and the base packages.
Flavors: r-devel-linux-x86_64-debian-clang, r-devel-linux-x86_64-debian-gcc, r-devel-windows-x86_64