Last updated on 2025-02-22 07:51:27 CET.
Flavor | Version | Tinstall | Tcheck | Ttotal | Status | Flags |
---|---|---|---|---|---|---|
r-devel-linux-x86_64-debian-clang | 1.0.0 | 2.11 | 20.72 | 22.83 | OK | |
r-devel-linux-x86_64-debian-gcc | 1.0.0 | 1.47 | 17.24 | 18.71 | OK | |
r-devel-linux-x86_64-fedora-clang | 1.0.0 | 36.42 | NOTE | |||
r-devel-linux-x86_64-fedora-gcc | 1.0.0 | 34.99 | NOTE | |||
r-devel-macos-x86_64 | 1.0.0 | 31.00 | OK | |||
r-patched-linux-x86_64 | 1.0.0 | 1.91 | 20.03 | 21.94 | OK | |
r-release-linux-x86_64 | 1.0.0 | 1.34 | 19.91 | 21.25 | OK | |
r-release-macos-x86_64 | 1.0.0 | 35.00 | OK | |||
r-release-windows-x86_64 | 1.0.0 | 4.00 | 42.00 | 46.00 | OK | |
r-oldrel-macos-x86_64 | 1.0.0 | 33.00 | OK | |||
r-oldrel-windows-x86_64 | 1.0.0 | 5.00 | 43.00 | 48.00 | OK |
Version: 1.0.0
Check: dependencies in R code
Result: NOTE
Namespace in Imports field not imported from: ‘tidyverse’
All declared Imports should be used.
Flavors: r-devel-linux-x86_64-fedora-clang, r-devel-linux-x86_64-fedora-gcc