Last updated on 2025-10-22 21:49:59 CEST.
Flavor | Version | Tinstall | Tcheck | Ttotal | Status | Flags |
---|---|---|---|---|---|---|
r-devel-linux-x86_64-debian-clang | 0.4.2 | 3.08 | 58.58 | 61.66 | NOTE | |
r-devel-linux-x86_64-debian-gcc | 0.4.2 | 2.70 | 43.11 | 45.81 | OK | |
r-devel-linux-x86_64-fedora-clang | 0.4.2 | 72.16 | OK | |||
r-devel-linux-x86_64-fedora-gcc | 0.4.2 | 103.17 | OK | |||
r-devel-windows-x86_64 | 0.4.2 | 8.00 | 84.00 | 92.00 | OK | |
r-patched-linux-x86_64 | 0.4.2 | 4.40 | 55.31 | 59.71 | OK | |
r-release-linux-x86_64 | 0.4.2 | 3.29 | 54.59 | 57.88 | OK | |
r-release-macos-arm64 | 0.4.2 | 2.00 | 39.00 | 41.00 | OK | |
r-release-macos-x86_64 | 0.4.2 | 4.00 | 75.00 | 79.00 | OK | |
r-release-windows-x86_64 | 0.4.2 | 8.00 | 91.00 | 99.00 | OK | |
r-oldrel-macos-arm64 | 0.4.2 | 2.00 | 71.00 | 73.00 | OK | |
r-oldrel-macos-x86_64 | 0.4.2 | 3.00 | 77.00 | 80.00 | OK | |
r-oldrel-windows-x86_64 | 0.4.2 | 9.00 | 97.00 | 106.00 | OK |
Version: 0.4.2
Check: HTML version of manual
Result: NOTE
Found the following HTML validation problems:
devMessage.html:46:1 (devMessage.Rd:10): Warning: missing </ul> before </div>
ifDev.html:46:1 (ifDev.Rd:10): Warning: missing </ul> before </div>
Flavor: r-devel-linux-x86_64-debian-clang