CRAN Package Check Results for Package cheese

Last updated on 2025-07-05 18:49:06 CEST.

Flavor Version Tinstall Tcheck Ttotal Status Flags
r-devel-linux-x86_64-debian-clang 0.1.2 4.56 104.25 108.81 NOTE
r-devel-linux-x86_64-debian-gcc 0.1.2 3.35 72.35 75.70 NOTE
r-devel-linux-x86_64-fedora-clang 0.1.2 167.61 OK
r-devel-linux-x86_64-fedora-gcc 0.1.2 163.66 OK
r-devel-windows-x86_64 0.1.2 6.00 109.00 115.00 NOTE
r-patched-linux-x86_64 0.1.2 5.27 97.38 102.65 NOTE
r-release-linux-x86_64 0.1.2 4.10 98.16 102.26 NOTE
r-release-macos-arm64 0.1.2 56.00 OK
r-release-macos-x86_64 0.1.2 187.00 OK
r-release-windows-x86_64 0.1.2 8.00 107.00 115.00 NOTE
r-oldrel-macos-arm64 0.1.2 56.00 OK
r-oldrel-macos-x86_64 0.1.2 91.00 OK
r-oldrel-windows-x86_64 0.1.2 8.00 136.00 144.00 OK

Check Details

Version: 0.1.2
Check: Rd cross-references
Result: NOTE Found the following Rd file(s) with Rd \link{} targets missing package anchors: pipe.Rd: magrittr Please provide package anchors for all Rd \link{} targets not in the package itself and the base packages. Flavors: r-devel-linux-x86_64-debian-clang, r-devel-linux-x86_64-debian-gcc, r-devel-windows-x86_64, r-patched-linux-x86_64, r-release-linux-x86_64, r-release-windows-x86_64