CRAN Package Check Results for Package childdevdata

Last updated on 2025-10-22 21:49:59 CEST.

Flavor Version Tinstall Tcheck Ttotal Status Flags
r-devel-linux-x86_64-debian-clang 1.1.0 4.45 36.28 40.73 NOTE
r-devel-linux-x86_64-debian-gcc 1.1.0 3.14 27.08 30.22 NOTE
r-devel-linux-x86_64-fedora-clang 1.1.0 43.84 OK
r-devel-linux-x86_64-fedora-gcc 1.1.0 54.40 OK
r-devel-windows-x86_64 1.1.0 6.00 52.00 58.00 OK
r-patched-linux-x86_64 1.1.0 4.80 32.51 37.31 OK
r-release-linux-x86_64 1.1.0 3.66 32.82 36.48 OK
r-release-macos-arm64 1.1.0 2.00 18.00 20.00 OK
r-release-macos-x86_64 1.1.0 5.00 32.00 37.00 OK
r-release-windows-x86_64 1.1.0 5.00 54.00 59.00 OK
r-oldrel-macos-arm64 1.1.0 2.00 21.00 23.00 OK
r-oldrel-macos-x86_64 1.1.0 4.00 25.00 29.00 OK
r-oldrel-windows-x86_64 1.1.0 5.00 63.00 68.00 OK

Check Details

Version: 1.1.0
Check: CRAN incoming feasibility
Result: NOTE Maintainer: ‘Stef van Buuren <stef.vanbuuren@tno.nl>’ Package CITATION file contains call(s) to old-style citEntry(). Please use bibentry() instead. Flavors: r-devel-linux-x86_64-debian-clang, r-devel-linux-x86_64-debian-gcc