Last updated on 2025-10-21 07:49:33 CEST.
Flavor | Version | Tinstall | Tcheck | Ttotal | Status | Flags |
---|---|---|---|---|---|---|
r-devel-linux-x86_64-debian-clang | 1.1 | 19.47 | 134.55 | 154.02 | OK | |
r-devel-linux-x86_64-debian-gcc | 1.1 | 13.61 | 97.49 | 111.10 | NOTE | |
r-devel-linux-x86_64-fedora-clang | 1.1 | 255.63 | OK | |||
r-devel-linux-x86_64-fedora-gcc | 1.1 | 244.11 | OK | |||
r-devel-windows-x86_64 | 1.1 | 14.00 | 111.00 | 125.00 | OK | |
r-patched-linux-x86_64 | 1.1 | 12.11 | 95.11 | 107.22 | OK | |
r-release-linux-x86_64 | 1.1 | 18.12 | 127.57 | 145.69 | OK | |
r-release-macos-arm64 | 1.1 | 125.00 | OK | |||
r-release-macos-x86_64 | 1.1 | 117.00 | OK | |||
r-release-windows-x86_64 | 1.1 | 17.00 | 114.00 | 131.00 | OK | |
r-oldrel-macos-arm64 | 1.1 | 63.00 | OK | |||
r-oldrel-macos-x86_64 | 1.1 | 76.00 | OK | |||
r-oldrel-windows-x86_64 | 1.1 | 23.00 | 143.00 | 166.00 | OK |
Version: 1.1
Check: HTML version of manual
Result: NOTE
Found the following HTML validation problems:
e.html:62:1 (e.Rd:18): Warning: missing </ul> before </div>
print.avgPool.html:55:1 (print.avgPool.Rd:14): Warning: missing </ul> before </div>
print.conv.html:55:1 (print.conv.Rd:14): Warning: missing </ul> before </div>
print.linear.html:55:1 (print.linear.Rd:14): Warning: missing </ul> before </div>
print.maxPool.html:55:1 (print.maxPool.Rd:14): Warning: missing </ul> before </div>
print.transfer.html:59:1 (print.transfer.Rd:16): Warning: missing </ul> before </div>
sumTerms.html:46:1 (sumTerms.Rd:10): Warning: missing </ul> before </div>
tune.html:68:1 (tune.Rd:24): Warning: missing </ul> before </div>
Flavor: r-devel-linux-x86_64-debian-gcc