Last updated on 2025-04-29 06:49:38 CEST.
Flavor | Version | Tinstall | Tcheck | Ttotal | Status | Flags |
---|---|---|---|---|---|---|
r-devel-linux-x86_64-debian-clang | 0.7 | 4.20 | 112.05 | 116.25 | OK | |
r-devel-linux-x86_64-debian-gcc | 0.7 | 3.62 | 74.49 | 78.11 | NOTE | |
r-devel-linux-x86_64-fedora-clang | 0.7 | 199.72 | OK | |||
r-devel-linux-x86_64-fedora-gcc | 0.7 | 189.58 | OK | |||
r-devel-windows-x86_64 | 0.7 | 5.00 | 136.00 | 141.00 | OK | |
r-patched-linux-x86_64 | 0.7 | 4.81 | 106.91 | 111.72 | OK | |
r-release-linux-x86_64 | 0.7 | 4.23 | 106.57 | 110.80 | OK | |
r-release-macos-arm64 | 0.7 | 37.00 | OK | |||
r-release-macos-x86_64 | 0.7 | 68.00 | OK | |||
r-release-windows-x86_64 | 0.7 | 5.00 | 137.00 | 142.00 | OK | |
r-oldrel-macos-arm64 | 0.7 | 43.00 | NOTE | |||
r-oldrel-macos-x86_64 | 0.7 | 110.00 | OK | |||
r-oldrel-windows-x86_64 | 0.7 | 7.00 | 157.00 | 164.00 | OK |
Version: 0.7
Check: CRAN incoming feasibility
Result: NOTE
Maintainer: ‘Vasyl Pihur <vpihur@gmail.com>’
No Authors@R field in DESCRIPTION.
Please add one, modifying
Authors@R: c(person(given = "Guy",
family = "Brock",
role = "aut",
email = "guy.brock@louisville.edu"),
person(given = "Vasyl",
family = "Pihur",
role = c("aut", "cre"),
email = "vpihur@gmail.com"),
person(given = "Susmita",
family = "Datta",
role = "aut",
email = "susmita.datta@louisville.edu"),
person(given = "Somnath",
family = "Datta",
role = "aut",
email = "somnath.datta@louisville.edu"))
as necessary.
Package CITATION file contains call(s) to old-style personList() or
as.personList(). Please use c() on person objects instead.
Package CITATION file contains call(s) to old-style citEntry(). Please
use bibentry() instead.
Flavor: r-devel-linux-x86_64-debian-gcc
Version: 0.7
Check: examples
Result: NOTE
Examples with CPU (user + system) or elapsed time > 5s
user system elapsed
BHI 3.901 0.308 5.339
Flavor: r-devel-linux-x86_64-debian-gcc
Version: 0.7
Check: package dependencies
Result: NOTE
Package suggested but not available for checking: ‘moe430a.db’
Flavor: r-oldrel-macos-arm64