Last updated on 2025-11-11 07:51:26 CET.
| Flavor | Version | Tinstall | Tcheck | Ttotal | Status | Flags |
|---|---|---|---|---|---|---|
| r-devel-linux-x86_64-debian-clang | 2.6.5 | 10.92 | 87.98 | 98.90 | NOTE | |
| r-devel-linux-x86_64-debian-gcc | 2.6.5 | 7.07 | 61.86 | 68.93 | NOTE | |
| r-devel-linux-x86_64-fedora-clang | 2.6.5 | 22.00 | 127.61 | 149.61 | OK | |
| r-devel-linux-x86_64-fedora-gcc | 2.6.5 | 26.00 | 115.74 | 141.74 | OK | |
| r-devel-windows-x86_64 | 2.6.5 | 13.00 | 90.00 | 103.00 | OK | |
| r-patched-linux-x86_64 | 2.6.5 | 10.67 | 82.37 | 93.04 | OK | |
| r-release-linux-x86_64 | 2.6.5 | 9.92 | 82.51 | 92.43 | OK | |
| r-release-macos-arm64 | 2.6.5 | 6.00 | 42.00 | 48.00 | OK | |
| r-release-macos-x86_64 | 2.6.5 | 15.00 | 82.00 | 97.00 | OK | |
| r-release-windows-x86_64 | 2.6.5 | 13.00 | 89.00 | 102.00 | OK | |
| r-oldrel-macos-arm64 | 2.6.5 | 6.00 | 43.00 | 49.00 | OK | |
| r-oldrel-macos-x86_64 | 2.6.5 | 9.00 | 61.00 | 70.00 | OK | |
| r-oldrel-windows-x86_64 | 2.6.5 | 19.00 | 114.00 | 133.00 | OK |
Version: 2.6.5
Check: CRAN incoming feasibility
Result: NOTE
Maintainer: ‘Justin Esarey <justin@justinesarey.com>’
Package CITATION file contains call(s) to old-style personList() or
as.personList(). Please use c() on person objects instead.
Package CITATION file contains call(s) to old-style citEntry(). Please
use bibentry() instead.
Flavors: r-devel-linux-x86_64-debian-clang, r-devel-linux-x86_64-debian-gcc