CRAN Package Check Results for Package clv

Last updated on 2025-11-16 07:49:29 CET.

Flavor Version Tinstall Tcheck Ttotal Status Flags
r-devel-linux-x86_64-debian-clang 0.3-2.5 5.78 33.23 39.01 OK
r-devel-linux-x86_64-debian-gcc 0.3-2.5 4.97 26.29 31.26 OK
r-devel-linux-x86_64-fedora-clang 0.3-2.5 12.00 47.12 59.12 NOTE
r-devel-linux-x86_64-fedora-gcc 0.3-2.5 14.00 42.51 56.51 NOTE
r-devel-windows-x86_64 0.3-2.5 19.00 52.00 71.00 OK
r-patched-linux-x86_64 0.3-2.5 6.76 31.03 37.79 OK
r-release-linux-x86_64 0.3-2.5 6.14 31.46 37.60 OK
r-release-macos-arm64 0.3-2.5 7.00 41.00 48.00 OK
r-release-macos-x86_64 0.3-2.5 15.00 56.00 71.00 OK
r-release-windows-x86_64 0.3-2.5 13.00 54.00 67.00 OK
r-oldrel-macos-arm64 0.3-2.5 8.00 38.00 46.00 OK
r-oldrel-macos-x86_64 0.3-2.5 8.00 56.00 64.00 OK
r-oldrel-windows-x86_64 0.3-2.5 14.00 60.00 74.00 OK

Check Details

Version: 0.3-2.5
Check: compiled code
Result: NOTE File ‘clv/libs/clv.so’: Found no calls to: ‘R_registerRoutines’, ‘R_useDynamicSymbols’ It is good practice to register native routines and to disable symbol search. See ‘Writing portable packages’ in the ‘Writing R Extensions’ manual. Flavors: r-devel-linux-x86_64-fedora-clang, r-devel-linux-x86_64-fedora-gcc