Last updated on 2025-04-16 18:50:02 CEST.
Flavor | Version | Tinstall | Tcheck | Ttotal | Status | Flags |
---|---|---|---|---|---|---|
r-devel-linux-x86_64-debian-clang | 0.4.0 | 54.27 | 138.74 | 193.01 | OK | |
r-devel-linux-x86_64-debian-gcc | 0.4.0 | 41.32 | 95.60 | 136.92 | OK | |
r-devel-linux-x86_64-fedora-clang | 0.4.0 | 345.74 | OK | |||
r-devel-linux-x86_64-fedora-gcc | 0.4.0 | 340.54 | OK | |||
r-devel-windows-x86_64 | 0.4.0 | 69.00 | 227.00 | 296.00 | OK | |
r-patched-linux-x86_64 | 0.4.0 | 56.75 | 131.71 | 188.46 | OK | |
r-release-linux-x86_64 | 0.4.0 | 53.02 | 130.39 | 183.41 | OK | |
r-release-macos-arm64 | 0.4.0 | 115.00 | OK | |||
r-release-macos-x86_64 | 0.4.0 | 164.00 | OK | |||
r-release-windows-x86_64 | 0.4.0 | 71.00 | 221.00 | 292.00 | OK | |
r-oldrel-macos-arm64 | 0.4.0 | 102.00 | NOTE | |||
r-oldrel-macos-x86_64 | 0.4.0 | 130.00 | NOTE | |||
r-oldrel-windows-x86_64 | 0.4.0 | 80.00 | 262.00 | 342.00 | OK |
Version: 0.4.0
Check: installed package size
Result: NOTE
installed size is 10.1Mb
sub-directories of 1Mb or more:
libs 9.2Mb
Flavors: r-oldrel-macos-arm64, r-oldrel-macos-x86_64