Last updated on 2025-02-21 19:50:23 CET.
Flavor | Version | Tinstall | Tcheck | Ttotal | Status | Flags |
---|---|---|---|---|---|---|
r-devel-linux-x86_64-debian-clang | 0.1.2 | 1.30 | 49.90 | 51.20 | NOTE | |
r-devel-linux-x86_64-debian-gcc | 0.1.2 | 1.53 | 33.27 | 34.80 | NOTE | |
r-devel-linux-x86_64-fedora-clang | 0.1.2 | 83.54 | NOTE | |||
r-devel-linux-x86_64-fedora-gcc | 0.1.2 | 93.99 | NOTE | |||
r-devel-macos-arm64 | 0.1.2 | 34.00 | NOTE | |||
r-devel-macos-x86_64 | 0.1.2 | 60.00 | NOTE | |||
r-devel-windows-x86_64 | 0.1.2 | 3.00 | 64.00 | 67.00 | NOTE | |
r-patched-linux-x86_64 | 0.1.2 | 2.06 | 45.94 | 48.00 | NOTE | |
r-release-linux-x86_64 | 0.1.2 | 2.12 | 45.73 | 47.85 | NOTE | |
r-release-macos-arm64 | 0.1.2 | 32.00 | NOTE | |||
r-release-macos-x86_64 | 0.1.2 | 48.00 | NOTE | |||
r-release-windows-x86_64 | 0.1.2 | 3.00 | 64.00 | 67.00 | NOTE | |
r-oldrel-macos-arm64 | 0.1.2 | 37.00 | OK | |||
r-oldrel-macos-x86_64 | 0.1.2 | 51.00 | OK | |||
r-oldrel-windows-x86_64 | 0.1.2 | 4.00 | 73.00 | 77.00 | OK |
Version: 0.1.2
Check: Rd files
Result: NOTE
checkRd: (-1) educFM.Rd:22: Lost braces in \itemize; meant \describe ?
checkRd: (-1) educFM.Rd:23: Lost braces in \itemize; meant \describe ?
checkRd: (-1) educFM.Rd:24: Lost braces in \itemize; meant \describe ?
checkRd: (-1) educFM.Rd:25: Lost braces in \itemize; meant \describe ?
checkRd: (-1) educFM.Rd:26: Lost braces in \itemize; meant \describe ?
checkRd: (-1) educFM.Rd:27: Lost braces in \itemize; meant \describe ?
checkRd: (-1) educFM.Rd:28: Lost braces in \itemize; meant \describe ?
Flavors: r-devel-linux-x86_64-debian-clang, r-devel-linux-x86_64-debian-gcc, r-devel-linux-x86_64-fedora-clang, r-devel-linux-x86_64-fedora-gcc, r-devel-macos-arm64, r-devel-macos-x86_64, r-devel-windows-x86_64, r-patched-linux-x86_64, r-release-linux-x86_64, r-release-macos-arm64, r-release-macos-x86_64, r-release-windows-x86_64