Last updated on 2025-10-22 07:50:11 CEST.
Flavor | Version | Tinstall | Tcheck | Ttotal | Status | Flags |
---|---|---|---|---|---|---|
r-devel-linux-x86_64-debian-clang | 0.6.0 | 10.61 | 225.79 | 236.40 | NOTE | |
r-devel-linux-x86_64-debian-gcc | 0.6.0 | 6.91 | 158.24 | 165.15 | NOTE | |
r-devel-linux-x86_64-fedora-clang | 0.6.0 | 12.00 | 273.71 | 285.71 | NOTE | |
r-devel-linux-x86_64-fedora-gcc | 0.6.0 | 21.00 | 354.11 | 375.11 | NOTE | |
r-devel-windows-x86_64 | 0.6.0 | 13.00 | 229.00 | 242.00 | NOTE | |
r-patched-linux-x86_64 | 0.6.0 | 10.32 | 219.82 | 230.14 | NOTE | |
r-release-linux-x86_64 | 0.6.0 | 8.98 | 217.49 | 226.47 | NOTE | |
r-release-macos-arm64 | 0.6.0 | 6.00 | 110.00 | 116.00 | NOTE | |
r-release-macos-x86_64 | 0.6.0 | 9.00 | 178.00 | 187.00 | NOTE | |
r-release-windows-x86_64 | 0.6.0 | 14.00 | 232.00 | 246.00 | NOTE | |
r-oldrel-macos-arm64 | 0.6.0 | 5.00 | 92.00 | 97.00 | OK | |
r-oldrel-macos-x86_64 | 0.6.0 | 8.00 | 156.00 | 164.00 | OK | |
r-oldrel-windows-x86_64 | 0.6.0 | 16.00 | 284.00 | 300.00 | OK |
Version: 0.6.0
Check: DESCRIPTION meta-information
Result: NOTE
Missing dependency on R >= 4.1.0 because package code uses the pipe
|> or function shorthand \(...) syntax added in R 4.1.0.
File(s) using such syntax:
‘compareMCMCs.R’ ‘metrics-addMetrics.R’
Flavors: r-devel-linux-x86_64-debian-clang, r-devel-linux-x86_64-debian-gcc, r-devel-linux-x86_64-fedora-clang, r-devel-linux-x86_64-fedora-gcc, r-devel-windows-x86_64, r-patched-linux-x86_64, r-release-linux-x86_64, r-release-macos-arm64, r-release-macos-x86_64, r-release-windows-x86_64
Version: 0.6.0
Check: HTML version of manual
Result: NOTE
Found the following HTML validation problems:
MCMCresult.html:163:1 (MCMCresult.Rd:108): Warning: <h5> anchor "Usage" already defined
MCMCresult.html:169:1 (MCMCresult.Rd:112): Warning: <h5> anchor "Arguments" already defined
MCMCresult.html:199:1 (MCMCresult.Rd:128): Warning: <h5> anchor "Usage" already defined
MCMCresult.html:205:1 (MCMCresult.Rd:132): Warning: <h5> anchor "Arguments" already defined
MCMCresult.html:230:1 (MCMCresult.Rd:148): Warning: <h5> anchor "Returns" already defined
MCMCresult.html:247:1 (MCMCresult.Rd:157): Warning: <h5> anchor "Usage" already defined
MCMCresult.html:253:1 (MCMCresult.Rd:161): Warning: <h5> anchor "Arguments" already defined
MCMCresult.html:266:1 (MCMCresult.Rd:168): Warning: <h5> anchor "Details" already defined
MCMCresult.html:275:1 (MCMCresult.Rd:174): Warning: <h5> anchor "Returns" already defined
MCMCresult.html:292:1 (MCMCresult.Rd:183): Warning: <h5> anchor "Usage" already defined
MCMCresult.html:298:1 (MCMCresult.Rd:187): Warning: <h5> anchor "Arguments" already defined
MCMCresult.html:314:1 (MCMCresult.Rd:197): Warning: <h5> anchor "Details" already defined
MCMCresult.html:337:1 (MCMCresult.Rd:213): Warning: <h5> anchor "Usage" already defined
MCMCresult.html:343:1 (MCMCresult.Rd:217): Warning: <h5> anchor "Arguments" already defined
MCMCresult.html:372:1 (MCMCresult.Rd:236): Warning: <h5> anchor "Usage" already defined
MCMCresult.html:378:1 (MCMCresult.Rd:240): Warning: <h5> anchor "Arguments" already defined
Flavors: r-devel-linux-x86_64-debian-clang, r-devel-linux-x86_64-debian-gcc