CRAN Package Check Results for Package contfrac

Last updated on 2025-11-02 19:51:50 CET.

Flavor Version Tinstall Tcheck Ttotal Status Flags
r-devel-linux-x86_64-debian-clang 1.1-12 1.91 19.44 21.35 NOTE
r-devel-linux-x86_64-debian-gcc 1.1-12 1.93 15.80 17.73 NOTE
r-devel-linux-x86_64-fedora-clang 1.1-12 30.47 OK
r-devel-linux-x86_64-fedora-gcc 1.1-12 29.48 OK
r-devel-windows-x86_64 1.1-12 5.00 36.00 41.00 OK
r-patched-linux-x86_64 1.1-12 1.95 18.43 20.38 OK
r-release-linux-x86_64 1.1-12 1.99 18.18 20.17 OK
r-release-macos-arm64 1.1-12 4.00 14.00 18.00 OK
r-release-macos-x86_64 1.1-12 4.00 21.00 25.00 OK
r-release-windows-x86_64 1.1-12 6.00 36.00 42.00 OK
r-oldrel-macos-arm64 1.1-12 2.00 18.00 20.00 OK
r-oldrel-macos-x86_64 1.1-12 3.00 18.00 21.00 OK
r-oldrel-windows-x86_64 1.1-12 5.00 37.00 42.00 OK

Check Details

Version: 1.1-12
Check: CRAN incoming feasibility
Result: NOTE Maintainer: ‘Robin K. S. Hankin <hankin.robin@gmail.com>’ No Authors@R field in DESCRIPTION. Please add one, modifying Authors@R: person(given = c("Robin", "K.", "S."), family = "Hankin", role = c("aut", "cre"), email = "hankin.robin@gmail.com") as necessary. Flavors: r-devel-linux-x86_64-debian-clang, r-devel-linux-x86_64-debian-gcc