Last updated on 2025-11-03 21:50:17 CET.
| Flavor | Version | Tinstall | Tcheck | Ttotal | Status | Flags | 
|---|---|---|---|---|---|---|
| r-devel-linux-x86_64-debian-clang | 1.0.7 | 10.26 | 102.37 | 112.63 | NOTE | |
| r-devel-linux-x86_64-debian-gcc | 1.0.7 | 7.25 | 71.52 | 78.77 | NOTE | |
| r-devel-linux-x86_64-fedora-clang | 1.0.7 | 59.00 | 131.12 | 190.12 | NOTE | |
| r-devel-linux-x86_64-fedora-gcc | 1.0.7 | 24.00 | 151.38 | 175.38 | NOTE | |
| r-devel-windows-x86_64 | 1.0.7 | 13.00 | 101.00 | 114.00 | OK | |
| r-patched-linux-x86_64 | 1.0.7 | 11.39 | 97.15 | 108.54 | OK | |
| r-release-linux-x86_64 | 1.0.7 | 11.05 | 95.42 | 106.47 | OK | |
| r-release-macos-arm64 | 1.0.7 | 6.00 | 46.00 | 52.00 | OK | |
| r-release-macos-x86_64 | 1.0.7 | 9.00 | 78.00 | 87.00 | OK | |
| r-release-windows-x86_64 | 1.0.7 | 13.00 | 99.00 | 112.00 | OK | |
| r-oldrel-macos-arm64 | 1.0.7 | 4.00 | 41.00 | 45.00 | OK | |
| r-oldrel-macos-x86_64 | 1.0.7 | 8.00 | 64.00 | 72.00 | OK | |
| r-oldrel-windows-x86_64 | 1.0.7 | 19.00 | 131.00 | 150.00 | OK | 
Version: 1.0.7
Check: CRAN incoming feasibility
Result: NOTE
  Maintainer: ‘Danyang Yu <dyu33@jhu.edu>’
  
  No Authors@R field in DESCRIPTION.
  Please add one, modifying
    Authors@R: c(person(given = "Danyang",
                        family = "Yu",
                        role = c("aut", "cre"),
                        email = "dyu33@jhu.edu"),
                 person(given = "Weiliang",
                        family = "Qiu",
                        role = "aut"),
                 person(given = "Zeyu",
                        family = "Zhang",
                        role = "aut"),
                 person(given = "Kimberly",
                        family = "Glass",
                        role = "aut"),
                 person(given = "Jessica",
                        family = "Su",
                        role = "aut"),
                 person(given = c("Dawn", "L."),
                        family = "DeMeo",
                        role = "aut"),
                 person(given = "Kelan",
                        family = "Tantisira",
                        role = "aut"),
                 person(given = c("Scott", "T."),
                        family = "Weiss",
                        role = "aut"))
  as necessary.
Flavors: r-devel-linux-x86_64-debian-clang, r-devel-linux-x86_64-debian-gcc
Version: 1.0.7
Check: dependencies in R code
Result: NOTE
  Namespace in Imports field not imported from: ‘graphics’
    All declared Imports should be used.
Flavors: r-devel-linux-x86_64-fedora-clang, r-devel-linux-x86_64-fedora-gcc