Last updated on 2025-02-22 19:50:43 CET.
Flavor | Version | Tinstall | Tcheck | Ttotal | Status | Flags |
---|---|---|---|---|---|---|
r-devel-linux-x86_64-debian-clang | 0.1.0 | 2.71 | 42.84 | 45.55 | OK | |
r-devel-linux-x86_64-debian-gcc | 0.1.0 | 2.34 | 32.36 | 34.70 | OK | |
r-devel-linux-x86_64-fedora-gcc | 0.1.0 | 84.72 | NOTE | |||
r-devel-macos-arm64 | 0.1.0 | 34.00 | OK | |||
r-devel-macos-x86_64 | 0.1.0 | 61.00 | OK | |||
r-devel-windows-x86_64 | 0.1.0 | 6.00 | 84.00 | 90.00 | OK | |
r-patched-linux-x86_64 | 0.1.0 | 2.89 | 40.79 | 43.68 | OK | |
r-release-linux-x86_64 | 0.1.0 | 2.85 | 40.64 | 43.49 | OK | |
r-release-macos-arm64 | 0.1.0 | 32.00 | OK | |||
r-release-macos-x86_64 | 0.1.0 | 51.00 | OK | |||
r-release-windows-x86_64 | 0.1.0 | 6.00 | 84.00 | 90.00 | OK | |
r-oldrel-macos-arm64 | 0.1.0 | 40.00 | OK | |||
r-oldrel-macos-x86_64 | 0.1.0 | 63.00 | OK | |||
r-oldrel-windows-x86_64 | 0.1.0 | 6.00 | 81.00 | 87.00 | OK |
Version: 0.1.0
Check: compiled code
Result: NOTE
File ‘covBM/libs/covBM.so’:
Found no calls to: ‘R_registerRoutines’, ‘R_useDynamicSymbols’
It is good practice to register native routines and to disable symbol
search.
See ‘Writing portable packages’ in the ‘Writing R Extensions’ manual.
Flavor: r-devel-linux-x86_64-fedora-gcc