Last updated on 2025-07-22 07:49:36 CEST.
Flavor | Version | Tinstall | Tcheck | Ttotal | Status | Flags |
---|---|---|---|---|---|---|
r-devel-linux-x86_64-debian-clang | 0.1.0 | 1.78 | 33.96 | 35.74 | OK | |
r-devel-linux-x86_64-debian-gcc | 0.1.0 | 1.35 | 25.73 | 27.08 | OK | |
r-devel-linux-x86_64-fedora-clang | 0.1.0 | 53.49 | NOTE | |||
r-devel-linux-x86_64-fedora-gcc | 0.1.0 | 48.95 | NOTE | |||
r-devel-windows-x86_64 | 0.1.0 | 3.00 | 56.00 | 59.00 | OK | |
r-patched-linux-x86_64 | 0.1.0 | 1.92 | 31.43 | 33.35 | OK | |
r-release-linux-x86_64 | 0.1.0 | 1.75 | 31.17 | 32.92 | OK | |
r-release-macos-arm64 | 0.1.0 | 22.00 | OK | |||
r-release-macos-x86_64 | 0.1.0 | 37.00 | OK | |||
r-release-windows-x86_64 | 0.1.0 | 3.00 | 61.00 | 64.00 | OK | |
r-oldrel-macos-arm64 | 0.1.0 | 21.00 | NOTE | |||
r-oldrel-macos-x86_64 | 0.1.0 | 30.00 | NOTE | |||
r-oldrel-windows-x86_64 | 0.1.0 | 4.00 | 64.00 | 68.00 | NOTE |
Version: 0.1.0
Check: dependencies in R code
Result: NOTE
Namespace in Imports field not imported from: ‘lubridate’
All declared Imports should be used.
Flavors: r-devel-linux-x86_64-fedora-clang, r-devel-linux-x86_64-fedora-gcc
Version: 0.1.0
Check: LazyData
Result: NOTE
'LazyData' is specified without a 'data' directory
Flavors: r-oldrel-macos-arm64, r-oldrel-macos-x86_64, r-oldrel-windows-x86_64