Last updated on 2025-10-23 18:50:19 CEST.
| Flavor | Version | Tinstall | Tcheck | Ttotal | Status | Flags |
|---|---|---|---|---|---|---|
| r-devel-linux-x86_64-debian-clang | 0.1.2 | 3.67 | 35.52 | 39.19 | NOTE | |
| r-devel-linux-x86_64-debian-gcc | 0.1.2 | 2.90 | 28.36 | 31.26 | OK | |
| r-devel-linux-x86_64-fedora-clang | 0.1.2 | 46.56 | NOTE | |||
| r-devel-linux-x86_64-fedora-gcc | 0.1.2 | 68.19 | NOTE | |||
| r-devel-windows-x86_64 | 0.1.2 | 7.00 | 54.00 | 61.00 | OK | |
| r-patched-linux-x86_64 | 0.1.2 | 3.44 | 32.69 | 36.13 | OK | |
| r-release-linux-x86_64 | 0.1.2 | 3.82 | 32.98 | 36.80 | OK | |
| r-release-macos-arm64 | 0.1.2 | 2.00 | 24.00 | 26.00 | OK | |
| r-release-macos-x86_64 | 0.1.2 | 4.00 | 47.00 | 51.00 | OK | |
| r-release-windows-x86_64 | 0.1.2 | 9.00 | 57.00 | 66.00 | OK | |
| r-oldrel-macos-arm64 | 0.1.2 | 2.00 | 29.00 | 31.00 | OK | |
| r-oldrel-macos-x86_64 | 0.1.2 | 4.00 | 38.00 | 42.00 | OK | |
| r-oldrel-windows-x86_64 | 0.1.2 | 9.00 | 64.00 | 73.00 | OK |
Version: 0.1.2
Check: HTML version of manual
Result: NOTE
Found the following HTML validation problems:
covid19sf_refresh.html:47:1 (covid19sf_refresh.Rd:10): Warning: missing </ul> before </div>
Flavor: r-devel-linux-x86_64-debian-clang
Version: 0.1.2
Check: dependencies in R code
Result: NOTE
Namespaces in Imports field not imported from:
‘mapview’ ‘plotly’
All declared Imports should be used.
Flavors: r-devel-linux-x86_64-fedora-clang, r-devel-linux-x86_64-fedora-gcc