Last updated on 2025-11-12 07:50:45 CET.
| Flavor | Version | Tinstall | Tcheck | Ttotal | Status | Flags |
|---|---|---|---|---|---|---|
| r-devel-linux-x86_64-debian-clang | 0.6.0 | 7.09 | 371.43 | 378.52 | OK | |
| r-devel-linux-x86_64-debian-gcc | 0.6.0 | 5.74 | 258.76 | 264.50 | OK | |
| r-devel-linux-x86_64-fedora-clang | 0.6.0 | 22.00 | 557.96 | 579.96 | OK | |
| r-devel-linux-x86_64-fedora-gcc | 0.6.0 | 16.00 | 539.98 | 555.98 | OK | |
| r-devel-windows-x86_64 | 0.6.0 | 12.00 | 334.00 | 346.00 | OK | |
| r-patched-linux-x86_64 | 0.6.0 | 8.50 | 358.19 | 366.69 | OK | |
| r-release-linux-x86_64 | 0.6.0 | 7.95 | 366.08 | 374.03 | OK | |
| r-release-macos-arm64 | 0.6.0 | 5.00 | 203.00 | 208.00 | OK | |
| r-release-macos-x86_64 | 0.6.0 | 7.00 | 338.00 | 345.00 | OK | |
| r-release-windows-x86_64 | 0.6.0 | 12.00 | 342.00 | 354.00 | OK | |
| r-oldrel-macos-arm64 | 0.6.0 | 3.00 | 154.00 | 157.00 | NOTE | |
| r-oldrel-macos-x86_64 | 0.6.0 | 6.00 | 254.00 | 260.00 | NOTE | |
| r-oldrel-windows-x86_64 | 0.6.0 | 17.00 | 470.00 | 487.00 | NOTE |
Version: 0.6.0
Check: installed package size
Result: NOTE
installed size is 5.4Mb
sub-directories of 1Mb or more:
doc 5.1Mb
Flavors: r-oldrel-macos-arm64, r-oldrel-macos-x86_64, r-oldrel-windows-x86_64