Last updated on 2025-02-21 06:49:36 CET.
Flavor | Version | Tinstall | Tcheck | Ttotal | Status | Flags |
---|---|---|---|---|---|---|
r-devel-linux-x86_64-debian-clang | 0.3.0 | 5.21 | 56.15 | 61.36 | NOTE | |
r-devel-linux-x86_64-debian-gcc | 0.3.0 | 4.00 | 40.60 | 44.60 | NOTE | |
r-devel-linux-x86_64-fedora-clang | 0.3.0 | 99.74 | NOTE | |||
r-devel-linux-x86_64-fedora-gcc | 0.3.0 | 94.90 | NOTE | |||
r-devel-macos-arm64 | 0.3.0 | 31.00 | NOTE | |||
r-devel-macos-x86_64 | 0.3.0 | 61.00 | NOTE | |||
r-devel-windows-x86_64 | 0.3.0 | 6.00 | 74.00 | 80.00 | NOTE | |
r-patched-linux-x86_64 | 0.3.0 | 6.02 | 52.93 | 58.95 | NOTE | |
r-release-linux-x86_64 | 0.3.0 | 5.70 | 52.66 | 58.36 | NOTE | |
r-release-macos-arm64 | 0.3.0 | 30.00 | NOTE | |||
r-release-macos-x86_64 | 0.3.0 | 48.00 | NOTE | |||
r-release-windows-x86_64 | 0.3.0 | 6.00 | 72.00 | 78.00 | NOTE | |
r-oldrel-macos-arm64 | 0.3.0 | 35.00 | OK | |||
r-oldrel-macos-x86_64 | 0.3.0 | 77.00 | OK | |||
r-oldrel-windows-x86_64 | 0.3.0 | 6.00 | 80.00 | 86.00 | OK |
Version: 0.3.0
Check: Rd files
Result: NOTE
checkRd: (-1) confRegCCR.Rd:24: Lost braces; missing escapes or markup?
24 | of interest, beta_{0r}, and the remaining ones are the constrained MLEs given beta_{0r}.}
| ^
checkRd: (-1) confRegCCR.Rd:24: Lost braces; missing escapes or markup?
24 | of interest, beta_{0r}, and the remaining ones are the constrained MLEs given beta_{0r}.}
| ^
checkRd: (-1) confRegCCR.Rd:27: Lost braces; missing escapes or markup?
27 | beta_{0r} in \code{paramVals}, which are those of interest, usually the ones
| ^
checkRd: (-1) confRegUCRandUCCR.Rd:24: Lost braces; missing escapes or markup?
24 | of interest, beta_{0r}, and the remaining ones are the unconstrained MLEs given beta_{0r}.}
| ^
checkRd: (-1) confRegUCRandUCCR.Rd:24: Lost braces; missing escapes or markup?
24 | of interest, beta_{0r}, and the remaining ones are the unconstrained MLEs given beta_{0r}.}
| ^
checkRd: (-1) confRegUCRandUCCR.Rd:27: Lost braces; missing escapes or markup?
27 | beta_{0r} in \code{paramVals}, which are those of interest, usually the ones
| ^
Flavors: r-devel-linux-x86_64-debian-clang, r-devel-linux-x86_64-debian-gcc, r-devel-linux-x86_64-fedora-clang, r-devel-linux-x86_64-fedora-gcc, r-devel-macos-arm64, r-devel-macos-x86_64, r-devel-windows-x86_64, r-patched-linux-x86_64, r-release-linux-x86_64, r-release-macos-arm64, r-release-macos-x86_64, r-release-windows-x86_64