Last updated on 2025-10-22 07:50:12 CEST.
Flavor | Version | Tinstall | Tcheck | Ttotal | Status | Flags |
---|---|---|---|---|---|---|
r-devel-linux-x86_64-debian-clang | 0.2.5 | 1.99 | 26.50 | 28.49 | NOTE | |
r-devel-linux-x86_64-debian-gcc | 0.2.5 | 1.63 | 22.14 | 23.77 | NOTE | |
r-devel-linux-x86_64-fedora-clang | 0.2.5 | 44.19 | OK | |||
r-devel-linux-x86_64-fedora-gcc | 0.2.5 | 53.43 | OK | |||
r-devel-windows-x86_64 | 0.2.5 | 3.00 | 44.00 | 47.00 | OK | |
r-patched-linux-x86_64 | 0.2.5 | 1.80 | 24.15 | 25.95 | OK | |
r-release-linux-x86_64 | 0.2.5 | 1.94 | 24.40 | 26.34 | OK | |
r-release-macos-arm64 | 0.2.5 | 1.00 | 28.00 | 29.00 | OK | |
r-release-macos-x86_64 | 0.2.5 | 2.00 | 39.00 | 41.00 | OK | |
r-release-windows-x86_64 | 0.2.5 | 4.00 | 45.00 | 49.00 | OK | |
r-oldrel-macos-arm64 | 0.2.5 | 1.00 | 24.00 | 25.00 | OK | |
r-oldrel-macos-x86_64 | 0.2.5 | 2.00 | 35.00 | 37.00 | OK | |
r-oldrel-windows-x86_64 | 0.2.5 | 5.00 | 52.00 | 57.00 | OK |
Version: 0.2.5
Check: HTML version of manual
Result: NOTE
Found the following HTML validation problems:
ok_to_proceed.html:46:1 (ok_to_proceed.Rd:10): Warning: missing </ul> before </div>
Flavors: r-devel-linux-x86_64-debian-clang, r-devel-linux-x86_64-debian-gcc