Last updated on 2025-10-22 21:50:00 CEST.
Flavor | Version | Tinstall | Tcheck | Ttotal | Status | Flags |
---|---|---|---|---|---|---|
r-devel-linux-x86_64-debian-clang | 1.0.2.1000 | 14.16 | 354.13 | 368.29 | NOTE | |
r-devel-linux-x86_64-debian-gcc | 1.0.2.1000 | 10.37 | 225.40 | 235.77 | NOTE | |
r-devel-linux-x86_64-fedora-clang | 1.0.2.1000 | 35.00 | 555.57 | 590.57 | OK | |
r-devel-linux-x86_64-fedora-gcc | 1.0.2.1000 | 31.00 | 528.12 | 559.12 | OK | |
r-devel-windows-x86_64 | 1.0.2.1000 | 16.00 | 288.00 | 304.00 | OK | |
r-patched-linux-x86_64 | 1.0.2.1000 | 14.46 | 332.06 | 346.52 | OK | |
r-release-linux-x86_64 | 1.0.2.1000 | 13.48 | 328.92 | 342.40 | OK | |
r-release-macos-arm64 | 1.0.2.1000 | 6.00 | 138.00 | 144.00 | OK | |
r-release-macos-x86_64 | 1.0.2.1000 | 14.00 | 282.00 | 296.00 | OK | |
r-release-windows-x86_64 | 1.0.2.1000 | 18.00 | 288.00 | 306.00 | OK | |
r-oldrel-macos-arm64 | 1.0.2.1000 | 5.00 | 131.00 | 136.00 | OK | |
r-oldrel-macos-x86_64 | 1.0.2.1000 | 10.00 | 221.00 | 231.00 | OK | |
r-oldrel-windows-x86_64 | 1.0.2.1000 | 21.00 | 406.00 | 427.00 | OK |
Version: 1.0.2.1000
Check: CRAN incoming feasibility
Result: NOTE
Maintainer: ‘David Garibay <dgari039@uottawa.ca>’
Found the following \keyword or \concept entries
which likely give several index terms:
File ‘beta_params.Rd’:
\keyword{distribution;}
File ‘calc_evpi.Rd’:
\keyword{information;}
File ‘dirichlet_params.Rd’:
\keyword{distribution;}
File ‘gamma_params.Rd’:
\keyword{distribution;}
File ‘lnorm_params.Rd’:
\keyword{distribution;}
Flavors: r-devel-linux-x86_64-debian-clang, r-devel-linux-x86_64-debian-gcc
Version: 1.0.2.1000
Check: HTML version of manual
Result: NOTE
Found the following HTML validation problems:
rdirichlet.html:54:1 (rdirichlet.Rd:17): Warning: missing </ul> before </div>
Flavor: r-devel-linux-x86_64-debian-clang