Last updated on 2025-02-22 07:51:28 CET.
Flavor | Version | Tinstall | Tcheck | Ttotal | Status | Flags |
---|---|---|---|---|---|---|
r-devel-linux-x86_64-debian-clang | 1.0.0 | 0.44 | 1.79 | 2.23 | ERROR | |
r-devel-linux-x86_64-debian-gcc | 1.0.0 | 15.57 | 124.51 | 140.08 | OK | |
r-devel-linux-x86_64-fedora-clang | 1.0.0 | 346.89 | OK | |||
r-devel-linux-x86_64-fedora-gcc | 1.0.0 | 301.85 | OK | |||
r-devel-macos-arm64 | 1.0.0 | 92.00 | OK | |||
r-devel-macos-x86_64 | 1.0.0 | 173.00 | OK | |||
r-devel-windows-x86_64 | 1.0.0 | 22.00 | 171.00 | 193.00 | OK | |
r-patched-linux-x86_64 | 1.0.0 | 19.91 | 166.97 | 186.88 | OK | |
r-release-linux-x86_64 | 1.0.0 | 18.32 | 169.03 | 187.35 | OK | |
r-release-macos-arm64 | 1.0.0 | 80.00 | OK | |||
r-release-macos-x86_64 | 1.0.0 | 228.00 | OK | |||
r-release-windows-x86_64 | 1.0.0 | 24.00 | 175.00 | 199.00 | OK | |
r-oldrel-macos-arm64 | 1.0.0 | 86.00 | NOTE | |||
r-oldrel-macos-x86_64 | 1.0.0 | 154.00 | OK | |||
r-oldrel-windows-x86_64 | 1.0.0 | 31.00 | 217.00 | 248.00 | OK |
Version: 1.0.0
Check: package dependencies
Result: ERROR
Package required but not available: ‘dartR.base’
See section ‘The DESCRIPTION file’ in the ‘Writing R Extensions’
manual.
Flavor: r-devel-linux-x86_64-debian-clang
Version: 1.0.0
Check: package dependencies
Result: NOTE
Package suggested but not available for checking: ‘snpStats’
Flavor: r-oldrel-macos-arm64
Version: 1.0.0
Check: Rd cross-references
Result: NOTE
Package unavailable to check Rd xrefs: ‘snpStats’
Flavor: r-oldrel-macos-arm64