Last updated on 2025-10-24 07:49:45 CEST.
| Flavor | Version | Tinstall | Tcheck | Ttotal | Status | Flags |
|---|---|---|---|---|---|---|
| r-devel-linux-x86_64-debian-clang | 2.7.21 | 8.72 | 80.36 | 89.08 | NOTE | |
| r-devel-linux-x86_64-debian-gcc | 2.7.21 | 5.73 | 58.70 | 64.43 | NOTE | |
| r-devel-linux-x86_64-fedora-clang | 2.7.21 | 22.00 | 118.32 | 140.32 | OK | |
| r-devel-linux-x86_64-fedora-gcc | 2.7.21 | 17.00 | 130.00 | 147.00 | OK | |
| r-devel-windows-x86_64 | 2.7.21 | 10.00 | 104.00 | 114.00 | OK | |
| r-patched-linux-x86_64 | 2.7.21 | 8.43 | 75.87 | 84.30 | OK | |
| r-release-linux-x86_64 | 2.7.21 | 7.59 | 75.66 | 83.25 | OK | |
| r-release-macos-arm64 | 2.7.21 | 6.00 | 167.00 | 173.00 | OK | |
| r-release-macos-x86_64 | 2.7.21 | 8.00 | 92.00 | 100.00 | OK | |
| r-release-windows-x86_64 | 2.7.21 | 12.00 | 105.00 | 117.00 | OK | |
| r-oldrel-macos-arm64 | 2.7.21 | 4.00 | 55.00 | 59.00 | OK | |
| r-oldrel-macos-x86_64 | 2.7.21 | 8.00 | 98.00 | 106.00 | OK | |
| r-oldrel-windows-x86_64 | 2.7.21 | 16.00 | 127.00 | 143.00 | OK |
Version: 2.7.21
Check: HTML version of manual
Result: NOTE
Found the following HTML validation problems:
getQuerySummary.html:46:1 (getQuerySummary.Rd:10): Warning: missing </ul> before </div>
Flavor: r-devel-linux-x86_64-debian-clang
Version: 2.7.21
Check: Rd files
Result: NOTE
checkRd: (-1) importRDB1.Rd:27-38: Only 3 columns allowed in this table (row 9 has 2)
checkRd: (-1) readNWISmeas.Rd:56-63: Only 3 columns allowed in this table (row 6 has 2)
checkRd: (-1) readNWISstat.Rd:52-59: Only 3 columns allowed in this table (row 5 has 1)
checkRd: (-1) readWQPdata.Rd:94-101: Only 4 columns allowed in this table (row 6 has 3)
Flavor: r-devel-linux-x86_64-debian-gcc