Last updated on 2025-11-14 19:49:47 CET.
| Flavor | Version | Tinstall | Tcheck | Ttotal | Status | Flags |
|---|---|---|---|---|---|---|
| r-devel-linux-x86_64-debian-clang | 2.7.21 | 8.64 | 79.01 | 87.65 | NOTE | |
| r-devel-linux-x86_64-debian-gcc | 2.7.21 | 5.61 | 59.92 | 65.53 | NOTE | |
| r-devel-linux-x86_64-fedora-clang | 2.7.21 | 34.00 | 110.26 | 144.26 | OK | |
| r-devel-linux-x86_64-fedora-gcc | 2.7.21 | 39.00 | 127.89 | 166.89 | OK | |
| r-devel-windows-x86_64 | 2.7.21 | 10.00 | 104.00 | 114.00 | NOTE | |
| r-patched-linux-x86_64 | 2.7.21 | 9.73 | 75.53 | 85.26 | OK | |
| r-release-linux-x86_64 | 2.7.21 | 7.79 | 75.66 | 83.45 | OK | |
| r-release-macos-arm64 | 2.7.21 | 6.00 | 167.00 | 173.00 | OK | |
| r-release-macos-x86_64 | 2.7.21 | 8.00 | 92.00 | 100.00 | OK | |
| r-release-windows-x86_64 | 2.7.21 | 12.00 | 102.00 | 114.00 | OK | |
| r-oldrel-macos-arm64 | 2.7.21 | 4.00 | 55.00 | 59.00 | OK | |
| r-oldrel-macos-x86_64 | 2.7.21 | 8.00 | 98.00 | 106.00 | OK | |
| r-oldrel-windows-x86_64 | 2.7.21 | 14.00 | 127.00 | 141.00 | OK |
Version: 2.7.21
Check: Rd files
Result: NOTE
checkRd: (-1) importRDB1.Rd:27-38: Only 3 columns allowed in this table (row 9 has 2)
checkRd: (-1) readNWISmeas.Rd:56-63: Only 3 columns allowed in this table (row 6 has 2)
checkRd: (-1) readNWISstat.Rd:52-59: Only 3 columns allowed in this table (row 5 has 1)
checkRd: (-1) readWQPdata.Rd:94-101: Only 4 columns allowed in this table (row 6 has 3)
Flavors: r-devel-linux-x86_64-debian-clang, r-devel-linux-x86_64-debian-gcc, r-devel-windows-x86_64