CRAN Package Check Results for Package dclust

Last updated on 2025-11-02 10:50:40 CET.

Flavor Version Tinstall Tcheck Ttotal Status Flags
r-devel-linux-x86_64-debian-clang 0.1.0 2.77 27.70 30.47 OK
r-devel-linux-x86_64-debian-gcc 0.1.0 2.22 21.54 23.76 OK
r-devel-linux-x86_64-fedora-clang 0.1.0 45.39 OK
r-devel-linux-x86_64-fedora-gcc 0.1.0 42.14 OK
r-devel-windows-x86_64 0.1.0 4.00 43.00 47.00 OK
r-patched-linux-x86_64 0.1.0 2.51 26.19 28.70 OK
r-release-linux-x86_64 0.1.0 2.03 26.12 28.15 OK
r-release-macos-arm64 0.1.0 2.00 18.00 20.00 OK
r-release-macos-x86_64 0.1.0 3.00 30.00 33.00 OK
r-release-windows-x86_64 0.1.0 4.00 43.00 47.00 OK
r-oldrel-macos-arm64 0.1.0 1.00 17.00 18.00 NOTE
r-oldrel-macos-x86_64 0.1.0 2.00 22.00 24.00 NOTE
r-oldrel-windows-x86_64 0.1.0 5.00 51.00 56.00 NOTE

Check Details

Version: 0.1.0
Check: LazyData
Result: NOTE 'LazyData' is specified without a 'data' directory Flavors: r-oldrel-macos-arm64, r-oldrel-macos-x86_64, r-oldrel-windows-x86_64