Last updated on 2025-07-04 19:50:17 CEST.
Flavor | Version | Tinstall | Tcheck | Ttotal | Status | Flags |
---|---|---|---|---|---|---|
r-devel-linux-x86_64-debian-clang | 1.2 | 7.15 | 65.40 | 72.55 | NOTE | |
r-devel-linux-x86_64-debian-gcc | 1.2 | 5.08 | 49.48 | 54.56 | NOTE | |
r-devel-linux-x86_64-fedora-clang | 1.2 | 109.58 | NOTE | |||
r-devel-linux-x86_64-fedora-gcc | 1.2 | 103.36 | NOTE | |||
r-devel-windows-x86_64 | 1.2 | 7.00 | 82.00 | 89.00 | NOTE | |
r-patched-linux-x86_64 | 1.2 | 7.91 | 61.15 | 69.06 | NOTE | |
r-release-linux-x86_64 | 1.2 | 5.80 | 61.23 | 67.03 | NOTE | |
r-release-macos-arm64 | 1.2 | 37.00 | NOTE | |||
r-release-macos-x86_64 | 1.2 | 73.00 | NOTE | |||
r-release-windows-x86_64 | 1.2 | 7.00 | 91.00 | 98.00 | NOTE | |
r-oldrel-macos-arm64 | 1.2 | 34.00 | NOTE | |||
r-oldrel-macos-x86_64 | 1.2 | 53.00 | NOTE | |||
r-oldrel-windows-x86_64 | 1.2 | 10.00 | 94.00 | 104.00 | NOTE |
Version: 1.2
Check: Rd files
Result: NOTE
checkRd: (-1) deepNN-package.Rd:18: Lost braces
18 | section{Dependencies}{
| ^
checkRd: (-1) deepNN-package.Rd:18-21: Lost braces
18 | section{Dependencies}{
| ^
checkRd: (-1) deepNN-package.Rd:23: Lost braces
23 | section{Citation}{
| ^
checkRd: (-1) deepNN-package.Rd:23-25: Lost braces
23 | section{Citation}{
| ^
checkRd: (-1) deepNN-package.Rd:27-38: Lost braces
27 | references{
| ^
Flavors: r-devel-linux-x86_64-debian-clang, r-devel-linux-x86_64-debian-gcc, r-devel-linux-x86_64-fedora-clang, r-devel-linux-x86_64-fedora-gcc, r-devel-windows-x86_64, r-patched-linux-x86_64, r-release-linux-x86_64, r-release-macos-arm64, r-release-macos-x86_64, r-release-windows-x86_64, r-oldrel-macos-arm64, r-oldrel-macos-x86_64, r-oldrel-windows-x86_64