Last updated on 2025-04-28 18:50:07 CEST.
Flavor | Version | Tinstall | Tcheck | Ttotal | Status | Flags |
---|---|---|---|---|---|---|
r-devel-linux-x86_64-debian-clang | 1.0.5 | 14.09 | 92.07 | 106.16 | OK | |
r-devel-linux-x86_64-debian-gcc | 1.0.5 | 10.87 | 68.97 | 79.84 | NOTE | |
r-devel-linux-x86_64-fedora-clang | 1.0.5 | 170.94 | OK | |||
r-devel-linux-x86_64-fedora-gcc | 1.0.5 | 163.27 | OK | |||
r-devel-windows-x86_64 | 1.0.5 | 14.00 | 98.00 | 112.00 | OK | |
r-patched-linux-x86_64 | 1.0.5 | 14.57 | 88.48 | 103.05 | OK | |
r-release-linux-x86_64 | 1.0.5 | 15.53 | 88.61 | 104.14 | OK | |
r-release-macos-arm64 | 1.0.5 | 77.00 | OK | |||
r-release-macos-x86_64 | 1.0.5 | 231.00 | OK | |||
r-release-windows-x86_64 | 1.0.5 | 15.00 | 96.00 | 111.00 | OK | |
r-oldrel-macos-arm64 | 1.0.5 | 54.00 | OK | |||
r-oldrel-macos-x86_64 | 1.0.5 | 74.00 | OK | |||
r-oldrel-windows-x86_64 | 1.0.5 | 20.00 | 125.00 | 145.00 | OK |
Version: 1.0.5
Check: CRAN incoming feasibility
Result: NOTE
Maintainer: ‘Filipe Campelo <fcampelo@ci.uc.pt>’
No Authors@R field in DESCRIPTION.
Please add one, modifying
Authors@R: person(given = "Filipe",
family = "Campelo",
role = c("aut", "cre"),
email = "fcampelo@ci.uc.pt")
as necessary.
Flavor: r-devel-linux-x86_64-debian-gcc