Last updated on 2025-11-11 07:51:28 CET.
| Flavor | Version | Tinstall | Tcheck | Ttotal | Status | Flags |
|---|---|---|---|---|---|---|
| r-devel-linux-x86_64-debian-clang | 0.6.15 | 67.94 | 124.60 | 192.54 | OK | |
| r-devel-linux-x86_64-debian-gcc | 0.6.15 | 45.73 | 85.23 | 130.96 | OK | |
| r-devel-linux-x86_64-fedora-clang | 0.6.15 | 148.00 | 180.56 | 328.56 | OK | |
| r-devel-linux-x86_64-fedora-gcc | 0.6.15 | 131.00 | 191.95 | 322.95 | OK | |
| r-devel-windows-x86_64 | 0.6.15 | 101.00 | 134.00 | 235.00 | OK | |
| r-patched-linux-x86_64 | 0.6.15 | 69.88 | 116.06 | 185.94 | OK | |
| r-release-linux-x86_64 | 0.6.15 | 66.90 | 116.82 | 183.72 | OK | |
| r-release-macos-arm64 | 0.6.15 | 26.00 | 58.00 | 84.00 | OK | |
| r-release-macos-x86_64 | 0.6.15 | 24.00 | 110.00 | 134.00 | OK | |
| r-release-windows-x86_64 | 0.6.15 | 110.00 | 134.00 | 244.00 | OK | |
| r-oldrel-macos-arm64 | 0.6.15 | 14.00 | 37.00 | 51.00 | NOTE | |
| r-oldrel-macos-x86_64 | 0.6.15 | 13.00 | 63.00 | 76.00 | NOTE | |
| r-oldrel-windows-x86_64 | 0.6.15 | 123.00 | 164.00 | 287.00 | NOTE |
Version: 0.6.15
Check: for GNU extensions in Makefiles
Result: NOTE
GNU make is a SystemRequirements.
Flavors: r-oldrel-macos-arm64, r-oldrel-macos-x86_64, r-oldrel-windows-x86_64