Last updated on 2025-07-05 18:49:08 CEST.
Flavor | Version | Tinstall | Tcheck | Ttotal | Status | Flags |
---|---|---|---|---|---|---|
r-devel-linux-x86_64-debian-clang | 2.1.7 | 29.12 | 83.82 | 112.94 | NOTE | |
r-devel-linux-x86_64-debian-gcc | 2.1.7 | 17.14 | 58.42 | 75.56 | NOTE | |
r-devel-linux-x86_64-fedora-clang | 2.1.7 | 165.81 | NOTE | |||
r-devel-linux-x86_64-fedora-gcc | 2.1.7 | 161.30 | NOTE | |||
r-devel-windows-x86_64 | 2.1.7 | 33.00 | 104.00 | 137.00 | NOTE | |
r-patched-linux-x86_64 | 2.1.7 | 26.89 | 76.29 | 103.18 | NOTE | |
r-release-linux-x86_64 | 2.1.7 | 24.44 | 76.04 | 100.48 | NOTE | |
r-release-macos-arm64 | 2.1.7 | 62.00 | NOTE | |||
r-release-macos-x86_64 | 2.1.7 | 140.00 | NOTE | |||
r-release-windows-x86_64 | 2.1.7 | 36.00 | 107.00 | 143.00 | NOTE | |
r-oldrel-macos-arm64 | 2.1.7 | 55.00 | NOTE | |||
r-oldrel-macos-x86_64 | 2.1.7 | 102.00 | NOTE | |||
r-oldrel-windows-x86_64 | 2.1.7 | 45.00 | 123.00 | 168.00 | NOTE |
Version: 2.1.7
Check: Rd files
Result: NOTE
checkRd: (-1) AIC.dglars.Rd:47: Lost braces
47 | \item{comp}{the measures of model complexity used to compute the measure of goodness-of-fit. It is equal to \code{npar} when code{complexity = "df"};}
| ^
checkRd: (-1) dglars.Rd:258: Lost braces
258 | \item{\code{7}}{maximum number of solution points ('code{np}') reached.}
| ^
Flavors: r-devel-linux-x86_64-debian-clang, r-devel-linux-x86_64-debian-gcc, r-devel-linux-x86_64-fedora-clang, r-devel-linux-x86_64-fedora-gcc, r-devel-windows-x86_64, r-patched-linux-x86_64, r-release-linux-x86_64, r-release-macos-arm64, r-release-macos-x86_64, r-release-windows-x86_64, r-oldrel-macos-arm64, r-oldrel-macos-x86_64, r-oldrel-windows-x86_64