Last updated on 2024-06-04 18:47:47 CEST.
Flavor | Version | Tinstall | Tcheck | Ttotal | Status | Flags |
---|---|---|---|---|---|---|
r-devel-linux-x86_64-debian-clang | 1.0.1 | 24.87 | 29.05 | 53.92 | NOTE | |
r-devel-linux-x86_64-debian-gcc | 1.0.1 | 16.53 | 21.87 | 38.40 | NOTE | |
r-devel-linux-x86_64-fedora-clang | 1.0.1 | 76.47 | NOTE | |||
r-devel-linux-x86_64-fedora-gcc | 1.0.1 | 73.99 | NOTE | |||
r-devel-windows-x86_64 | 1.0.1 | 23.00 | 61.00 | 84.00 | NOTE | |
r-patched-linux-x86_64 | 1.0.1 | 22.73 | 27.28 | 50.01 | NOTE | |
r-release-linux-x86_64 | 1.0.1 | 21.76 | 27.14 | 48.90 | NOTE | |
r-release-macos-arm64 | 1.0.1 | 22.00 | NOTE | |||
r-release-windows-x86_64 | 1.0.1 | 22.00 | 57.00 | 79.00 | NOTE | |
r-oldrel-macos-arm64 | 1.0.1 | 27.00 | NOTE | |||
r-oldrel-macos-x86_64 | 1.0.1 | 37.00 | NOTE | |||
r-oldrel-windows-x86_64 | 1.0.1 | 27.00 | 68.00 | 95.00 | NOTE |
Version: 1.0.1
Check: C++ specification
Result: NOTE
Specified C++11: please drop specification unless essential
Flavors: r-devel-linux-x86_64-debian-clang, r-devel-linux-x86_64-debian-gcc, r-devel-linux-x86_64-fedora-clang, r-devel-linux-x86_64-fedora-gcc, r-devel-windows-x86_64, r-patched-linux-x86_64, r-release-linux-x86_64, r-release-macos-arm64, r-release-windows-x86_64, r-oldrel-macos-arm64, r-oldrel-macos-x86_64, r-oldrel-windows-x86_64