Last updated on 2025-10-21 18:49:44 CEST.
Flavor | Version | Tinstall | Tcheck | Ttotal | Status | Flags |
---|---|---|---|---|---|---|
r-devel-linux-x86_64-debian-clang | 1.4.2 | 8.21 | 96.66 | 104.87 | NOTE | |
r-devel-linux-x86_64-debian-gcc | 1.4.2 | 6.24 | 65.00 | 71.24 | NOTE | |
r-devel-linux-x86_64-fedora-clang | 1.4.2 | 21.00 | 139.30 | 160.30 | OK | |
r-devel-linux-x86_64-fedora-gcc | 1.4.2 | 17.00 | 147.22 | 164.22 | OK | |
r-devel-windows-x86_64 | 1.4.2 | 10.00 | 120.00 | 130.00 | OK | |
r-patched-linux-x86_64 | 1.4.2 | 8.56 | 87.17 | 95.73 | OK | |
r-release-linux-x86_64 | 1.4.2 | 7.64 | 87.72 | 95.36 | OK | |
r-release-macos-arm64 | 1.4.2 | 3.00 | 51.00 | 54.00 | OK | |
r-release-macos-x86_64 | 1.4.2 | 12.00 | 125.00 | 137.00 | OK | |
r-release-windows-x86_64 | 1.4.2 | 10.00 | 121.00 | 131.00 | OK | |
r-oldrel-macos-arm64 | 1.4.2 | 4.00 | 53.00 | 57.00 | OK | |
r-oldrel-macos-x86_64 | 1.4.2 | 9.00 | 117.00 | 126.00 | OK | |
r-oldrel-windows-x86_64 | 1.4.2 | 16.00 | 145.00 | 161.00 | OK |
Version: 1.4.2
Check: HTML version of manual
Result: NOTE
Found the following HTML validation problems:
get_batch_sizes.html:63:1 (get_batch_sizes.Rd:21): Warning: missing </ul> before </div>
parameters.html:61:1 (parameters.Rd:23): Warning: missing </ul> before </div>
Flavors: r-devel-linux-x86_64-debian-clang, r-devel-linux-x86_64-debian-gcc