Last updated on 2024-06-04 18:47:47 CEST.
Flavor | Version | Tinstall | Tcheck | Ttotal | Status | Flags |
---|---|---|---|---|---|---|
r-devel-linux-x86_64-debian-clang | 0.3.0 | 40.25 | 90.85 | 131.10 | NOTE | |
r-devel-linux-x86_64-debian-gcc | 0.3.0 | 30.02 | 68.21 | 98.23 | NOTE | |
r-devel-linux-x86_64-fedora-clang | 0.3.0 | 172.08 | NOTE | |||
r-devel-linux-x86_64-fedora-gcc | 0.3.0 | 171.35 | NOTE | |||
r-devel-windows-x86_64 | 0.3.0 | 35.00 | 105.00 | 140.00 | NOTE | |
r-patched-linux-x86_64 | 0.3.0 | 27.63 | 89.72 | 117.35 | NOTE | |
r-release-linux-x86_64 | 0.3.0 | 28.86 | 88.31 | 117.17 | NOTE | |
r-release-macos-arm64 | 0.3.0 | 40.00 | NOTE | |||
r-release-windows-x86_64 | 0.3.0 | 36.00 | 102.00 | 138.00 | NOTE | |
r-oldrel-macos-arm64 | 0.3.0 | 45.00 | NOTE | |||
r-oldrel-macos-x86_64 | 0.3.0 | 64.00 | NOTE | |||
r-oldrel-windows-x86_64 | 0.3.0 | 45.00 | 122.00 | 167.00 | NOTE |
Version: 0.3.0
Check: C++ specification
Result: NOTE
Specified C++11: please drop specification unless essential
Flavors: r-devel-linux-x86_64-debian-clang, r-devel-linux-x86_64-debian-gcc, r-devel-linux-x86_64-fedora-clang, r-devel-linux-x86_64-fedora-gcc, r-devel-windows-x86_64, r-patched-linux-x86_64, r-release-linux-x86_64, r-release-macos-arm64, r-release-windows-x86_64, r-oldrel-macos-arm64, r-oldrel-macos-x86_64, r-oldrel-windows-x86_64
Version: 0.3.0
Check: Rd files
Result: NOTE
checkRd: (-1) did_imputation.Rd:74: Lost braces; missing escapes or markup?
74 | form average treatment effects for groups of {it}.
| ^
Flavors: r-devel-linux-x86_64-debian-clang, r-devel-linux-x86_64-debian-gcc, r-devel-linux-x86_64-fedora-clang, r-devel-linux-x86_64-fedora-gcc, r-devel-windows-x86_64, r-patched-linux-x86_64, r-release-linux-x86_64, r-release-macos-arm64, r-release-windows-x86_64