Last updated on 2025-10-25 06:49:38 CEST.
| Flavor | Version | Tinstall | Tcheck | Ttotal | Status | Flags |
|---|---|---|---|---|---|---|
| r-devel-linux-x86_64-debian-clang | 0.2.1 | 2.14 | 82.69 | 84.83 | NOTE | |
| r-devel-linux-x86_64-debian-gcc | 0.2.1 | 1.61 | 57.53 | 59.14 | NOTE | |
| r-devel-linux-x86_64-fedora-clang | 0.2.1 | 140.30 | OK | |||
| r-devel-linux-x86_64-fedora-gcc | 0.2.1 | 148.52 | OK | |||
| r-devel-windows-x86_64 | 0.2.1 | 5.00 | 90.00 | 95.00 | OK | |
| r-patched-linux-x86_64 | 0.2.1 | 2.18 | 77.47 | 79.65 | OK | |
| r-release-linux-x86_64 | 0.2.1 | 2.08 | 76.47 | 78.55 | OK | |
| r-release-macos-arm64 | 0.2.1 | 1.00 | 50.00 | 51.00 | OK | |
| r-release-macos-x86_64 | 0.2.1 | 2.00 | 97.00 | 99.00 | OK | |
| r-release-windows-x86_64 | 0.2.1 | 4.00 | 93.00 | 97.00 | OK | |
| r-oldrel-macos-arm64 | 0.2.1 | 1.00 | 45.00 | 46.00 | OK | |
| r-oldrel-macos-x86_64 | 0.2.1 | 2.00 | 71.00 | 73.00 | OK | |
| r-oldrel-windows-x86_64 | 0.2.1 | 6.00 | 119.00 | 125.00 | OK |
Version: 0.2.1
Check: CRAN incoming feasibility
Result: NOTE
Maintainer: ‘Njål Foldnes <njal.foldnes@gmail.com>’
Package CITATION file contains call(s) to old-style personList() or
as.personList(). Please use c() on person objects instead.
Package CITATION file contains call(s) to old-style citEntry(). Please
use bibentry() instead.
Flavors: r-devel-linux-x86_64-debian-clang, r-devel-linux-x86_64-debian-gcc