Last updated on 2025-11-11 18:49:52 CET.
| Flavor | Version | Tinstall | Tcheck | Ttotal | Status | Flags |
|---|---|---|---|---|---|---|
| r-devel-linux-x86_64-debian-clang | 0.1.2 | 9.22 | 55.00 | 64.22 | OK | |
| r-devel-linux-x86_64-debian-gcc | 0.1.2 | 6.91 | 44.34 | 51.25 | OK | |
| r-devel-linux-x86_64-fedora-clang | 0.1.2 | 49.00 | 58.98 | 107.98 | NOTE | |
| r-devel-linux-x86_64-fedora-gcc | 0.1.2 | 19.00 | 75.55 | 94.55 | NOTE | |
| r-devel-windows-x86_64 | 0.1.2 | 10.00 | 66.00 | 76.00 | OK | |
| r-patched-linux-x86_64 | 0.1.2 | 8.94 | 52.20 | 61.14 | OK | |
| r-release-linux-x86_64 | 0.1.2 | 9.20 | 52.35 | 61.55 | OK | |
| r-release-macos-arm64 | 0.1.2 | 6.00 | 41.00 | 47.00 | OK | |
| r-release-macos-x86_64 | 0.1.2 | 7.00 | 48.00 | 55.00 | OK | |
| r-release-windows-x86_64 | 0.1.2 | 11.00 | 65.00 | 76.00 | OK | |
| r-oldrel-macos-arm64 | 0.1.2 | 6.00 | 36.00 | 42.00 | OK | |
| r-oldrel-macos-x86_64 | 0.1.2 | 6.00 | 38.00 | 44.00 | OK | |
| r-oldrel-windows-x86_64 | 0.1.2 | 13.00 | 77.00 | 90.00 | OK |
Version: 0.1.2
Check: dependencies in R code
Result: NOTE
Namespaces in Imports field not imported from:
‘ggmulti’ ‘loon’ ‘loon.data’ ‘loon.ggplot’ ‘loon.shiny’ ‘loon.tourr’
‘stats’ ‘zenplots’
All declared Imports should be used.
Flavors: r-devel-linux-x86_64-fedora-clang, r-devel-linux-x86_64-fedora-gcc