Last updated on 2025-02-22 07:51:29 CET.
Flavor | Version | Tinstall | Tcheck | Ttotal | Status | Flags |
---|---|---|---|---|---|---|
r-devel-linux-x86_64-debian-clang | 2.4.7 | 9.43 | 103.38 | 112.81 | NOTE | |
r-devel-linux-x86_64-debian-gcc | 2.4.7 | 6.17 | 76.08 | 82.25 | NOTE | |
r-devel-linux-x86_64-fedora-clang | 2.4.7 | 171.85 | OK | |||
r-devel-linux-x86_64-fedora-gcc | 2.4.7 | 181.22 | OK | |||
r-devel-macos-arm64 | 2.4.7 | 64.00 | OK | |||
r-devel-macos-x86_64 | 2.4.7 | 126.00 | OK | |||
r-devel-windows-x86_64 | 2.4.7 | 9.00 | 198.00 | 207.00 | NOTE | |
r-patched-linux-x86_64 | 2.4.7 | 9.24 | 97.40 | 106.64 | OK | |
r-release-linux-x86_64 | 2.4.7 | 8.93 | 97.66 | 106.59 | OK | |
r-release-macos-arm64 | 2.4.7 | 66.00 | OK | |||
r-release-macos-x86_64 | 2.4.7 | 160.00 | OK | |||
r-release-windows-x86_64 | 2.4.7 | 9.00 | 193.00 | 202.00 | OK | |
r-oldrel-macos-arm64 | 2.4.7 | 76.00 | OK | |||
r-oldrel-macos-x86_64 | 2.4.7 | 114.00 | OK | |||
r-oldrel-windows-x86_64 | 2.4.7 | 13.00 | 194.00 | 207.00 | OK |
Version: 2.4.7
Check: Rd cross-references
Result: NOTE
Found the following Rd file(s) with Rd \link{} targets missing package
anchors:
cr.Rd: smooth.construct.cr.smooth.spec
ps.Rd: smooth.construct.ps.smooth.spec
smooth.construct.cb.smooth.spec.Rd: smooth.construct.ps.smooth.spec,
smooth.construct.cr.smooth.spec,
smooth.construct.tensor.smooth.spec
Please provide package anchors for all Rd \link{} targets not in the
package itself and the base packages.
Flavors: r-devel-linux-x86_64-debian-clang, r-devel-linux-x86_64-debian-gcc, r-devel-windows-x86_64