Last updated on 2025-04-16 18:50:03 CEST.
Flavor | Version | Tinstall | Tcheck | Ttotal | Status | Flags |
---|---|---|---|---|---|---|
r-devel-linux-x86_64-debian-clang | 0.7.6 | 21.19 | 238.47 | 259.66 | OK | |
r-devel-linux-x86_64-debian-gcc | 0.7.6 | 15.59 | 155.38 | 170.97 | OK | |
r-devel-linux-x86_64-fedora-clang | 0.7.6 | 426.61 | OK | |||
r-devel-linux-x86_64-fedora-gcc | 0.7.6 | 407.72 | OK | |||
r-devel-windows-x86_64 | 0.7.6 | 30.00 | 261.00 | 291.00 | OK | |
r-patched-linux-x86_64 | 0.7.6 | 23.16 | 224.47 | 247.63 | OK | |
r-release-linux-x86_64 | 0.7.6 | 21.95 | 226.69 | 248.64 | OK | |
r-release-macos-arm64 | 0.7.6 | 102.00 | OK | |||
r-release-macos-x86_64 | 0.7.6 | 224.00 | OK | |||
r-release-windows-x86_64 | 0.7.6 | 30.00 | 274.00 | 304.00 | OK | |
r-oldrel-macos-arm64 | 0.7.6 | 121.00 | NOTE | |||
r-oldrel-macos-x86_64 | 0.7.6 | 228.00 | OK | |||
r-oldrel-windows-x86_64 | 0.7.6 | 35.00 | 307.00 | 342.00 | OK |
Version: 0.7.6
Check: package dependencies
Result: NOTE
Package suggested but not available for checking: ‘reactome.db’
Flavor: r-oldrel-macos-arm64