Last updated on 2025-02-22 07:51:29 CET.
Flavor | Version | Tinstall | Tcheck | Ttotal | Status | Flags |
---|---|---|---|---|---|---|
r-devel-linux-x86_64-debian-clang | 0.3.2 | 3.13 | 28.78 | 31.91 | NOTE | |
r-devel-linux-x86_64-debian-gcc | 0.3.2 | 1.85 | 22.46 | 24.31 | NOTE | |
r-devel-linux-x86_64-fedora-clang | 0.3.2 | 49.87 | OK | |||
r-devel-linux-x86_64-fedora-gcc | 0.3.2 | 46.72 | OK | |||
r-devel-macos-arm64 | 0.3.2 | 22.00 | OK | |||
r-devel-macos-x86_64 | 0.3.2 | 40.00 | OK | |||
r-devel-windows-x86_64 | 0.3.2 | 4.00 | 59.00 | 63.00 | NOTE | |
r-patched-linux-x86_64 | 0.3.2 | 3.71 | 27.05 | 30.76 | OK | |
r-release-linux-x86_64 | 0.3.2 | 2.06 | 26.69 | 28.75 | OK | |
r-release-macos-arm64 | 0.3.2 | 20.00 | OK | |||
r-release-macos-x86_64 | 0.3.2 | 30.00 | OK | |||
r-release-windows-x86_64 | 0.3.2 | 4.00 | 54.00 | 58.00 | OK | |
r-oldrel-macos-arm64 | 0.3.2 | 20.00 | OK | |||
r-oldrel-macos-x86_64 | 0.3.2 | 28.00 | OK | |||
r-oldrel-windows-x86_64 | 0.3.2 | 6.00 | 59.00 | 65.00 | OK |
Version: 0.3.2
Check: Rd cross-references
Result: NOTE
Found the following Rd file(s) with Rd \link{} targets missing package
anchors:
to_miniature.Rd: image_border, pdf_convert, image_read
Please provide package anchors for all Rd \link{} targets not in the
package itself and the base packages.
Flavors: r-devel-linux-x86_64-debian-clang, r-devel-linux-x86_64-debian-gcc, r-devel-windows-x86_64