Last updated on 2025-07-17 18:49:44 CEST.
Flavor | Version | Tinstall | Tcheck | Ttotal | Status | Flags |
---|---|---|---|---|---|---|
r-devel-linux-x86_64-debian-clang | 0.1.16-105 | 31.99 | 192.72 | 224.71 | NOTE | |
r-devel-linux-x86_64-debian-gcc | 0.1.16-105 | 23.67 | 134.62 | 158.29 | NOTE | |
r-devel-linux-x86_64-fedora-clang | 0.1.16-105 | 347.09 | OK | |||
r-devel-linux-x86_64-fedora-gcc | 0.1.16-105 | 341.02 | OK | |||
r-devel-windows-x86_64 | 0.1.16-105 | 60.00 | 232.00 | 292.00 | NOTE | |
r-patched-linux-x86_64 | 0.1.16-105 | 30.98 | 178.02 | 209.00 | NOTE | |
r-release-linux-x86_64 | 0.1.16-105 | 31.17 | 177.87 | 209.04 | NOTE | |
r-release-macos-arm64 | 0.1.16-105 | 113.00 | OK | |||
r-release-macos-x86_64 | 0.1.16-105 | 198.00 | OK | |||
r-release-windows-x86_64 | 0.1.16-105 | 59.00 | 235.00 | 294.00 | NOTE | |
r-oldrel-macos-arm64 | 0.1.16-105 | 129.00 | NOTE | |||
r-oldrel-macos-x86_64 | 0.1.16-105 | 180.00 | NOTE | |||
r-oldrel-windows-x86_64 | 0.1.16-105 | 72.00 | 281.00 | 353.00 | NOTE |
Version: 0.1.16-105
Check: Rd cross-references
Result: NOTE
Found the following Rd file(s) with Rd \link{} targets missing package
anchors:
dynr.cook.Rd: autoplot
Please provide package anchors for all Rd \link{} targets not in the
package itself and the base packages.
Flavors: r-devel-linux-x86_64-debian-clang, r-devel-linux-x86_64-debian-gcc, r-devel-windows-x86_64, r-patched-linux-x86_64, r-release-linux-x86_64, r-release-windows-x86_64
Version: 0.1.16-105
Check: installed package size
Result: NOTE
installed size is 7.9Mb
sub-directories of 1Mb or more:
data 2.5Mb
doc 1.4Mb
libs 2.9Mb
Flavors: r-oldrel-macos-arm64, r-oldrel-macos-x86_64, r-oldrel-windows-x86_64