Last updated on 2025-11-12 19:51:47 CET.
| Flavor | Version | Tinstall | Tcheck | Ttotal | Status | Flags |
|---|---|---|---|---|---|---|
| r-devel-linux-x86_64-debian-clang | 1.0 | 38.38 | 292.81 | 331.19 | OK | |
| r-devel-linux-x86_64-debian-gcc | 1.0 | 28.54 | 193.60 | 222.14 | OK | |
| r-devel-linux-x86_64-fedora-clang | 1.0 | 71.00 | 632.40 | 703.40 | OK | |
| r-devel-linux-x86_64-fedora-gcc | 1.0 | 98.00 | 597.69 | 695.69 | OK | |
| r-devel-windows-x86_64 | 1.0 | 45.00 | 300.00 | 345.00 | OK | |
| r-patched-linux-x86_64 | 1.0 | 41.22 | 360.59 | 401.81 | OK | |
| r-release-linux-x86_64 | 1.0 | 39.46 | 363.11 | 402.57 | OK | |
| r-release-macos-arm64 | 1.0 | 18.00 | 123.00 | 141.00 | OK | |
| r-release-macos-x86_64 | 1.0 | 34.00 | 321.00 | 355.00 | OK | |
| r-release-windows-x86_64 | 1.0 | 46.00 | 290.00 | 336.00 | OK | |
| r-oldrel-macos-arm64 | 1.0 | 16.00 | 133.00 | 149.00 | NOTE | |
| r-oldrel-macos-x86_64 | 1.0 | 27.00 | 327.00 | 354.00 | NOTE | |
| r-oldrel-windows-x86_64 | 1.0 | 58.00 | 440.00 | 498.00 | OK |
Version: 1.0
Check: installed package size
Result: NOTE
installed size is 6.1Mb
sub-directories of 1Mb or more:
data 1.6Mb
libs 4.3Mb
Flavors: r-oldrel-macos-arm64, r-oldrel-macos-x86_64