Last updated on 2025-02-22 07:51:30 CET.
Flavor | Version | Tinstall | Tcheck | Ttotal | Status | Flags |
---|---|---|---|---|---|---|
r-devel-linux-x86_64-debian-clang | 0.11.0 | 13.37 | 333.38 | 346.75 | OK | |
r-devel-linux-x86_64-debian-gcc | 0.11.0 | 9.07 | 189.11 | 198.18 | OK | |
r-devel-linux-x86_64-fedora-clang | 0.11.0 | 537.04 | OK | |||
r-devel-linux-x86_64-fedora-gcc | 0.11.0 | 448.63 | OK | |||
r-devel-macos-arm64 | 0.11.0 | 185.00 | OK | |||
r-devel-macos-x86_64 | 0.11.0 | 333.00 | OK | |||
r-devel-windows-x86_64 | 0.11.0 | 17.00 | 259.00 | 276.00 | OK | |
r-patched-linux-x86_64 | 0.11.0 | 10.29 | 253.85 | 264.14 | OK | |
r-release-linux-x86_64 | 0.11.0 | 11.10 | 252.32 | 263.42 | OK | |
r-release-macos-arm64 | 0.11.0 | 178.00 | OK | |||
r-release-macos-x86_64 | 0.11.0 | 229.00 | OK | |||
r-release-windows-x86_64 | 0.11.0 | 16.00 | 260.00 | 276.00 | OK | |
r-oldrel-macos-arm64 | 0.11.0 | 159.00 | WARN | |||
r-oldrel-macos-x86_64 | 0.11.0 | 228.00 | WARN | |||
r-oldrel-windows-x86_64 | 0.11.0 | 19.00 | 325.00 | 344.00 | WARN |
Version: 0.11.0
Check: Rd files
Result: WARN
checkRd: (5) ePCR.Rd:0-17: Must have a \description
Flavors: r-oldrel-macos-arm64, r-oldrel-macos-x86_64, r-oldrel-windows-x86_64