Last updated on 2025-10-24 07:49:46 CEST.
| Flavor | Version | Tinstall | Tcheck | Ttotal | Status | Flags |
|---|---|---|---|---|---|---|
| r-devel-linux-x86_64-debian-clang | 0.1.0 | 4.19 | 36.37 | 40.56 | OK | |
| r-devel-linux-x86_64-debian-gcc | 0.1.0 | 2.93 | 26.25 | 29.18 | OK | |
| r-devel-linux-x86_64-fedora-clang | 0.1.0 | 11.00 | 50.92 | 61.92 | NOTE | |
| r-devel-linux-x86_64-fedora-gcc | 0.1.0 | 57.05 | NOTE | |||
| r-devel-windows-x86_64 | 0.1.0 | 5.00 | 50.00 | 55.00 | OK | |
| r-patched-linux-x86_64 | 0.1.0 | 3.87 | 33.60 | 37.47 | OK | |
| r-release-linux-x86_64 | 0.1.0 | 3.80 | 33.07 | 36.87 | OK | |
| r-release-macos-arm64 | 0.1.0 | 3.00 | 26.00 | 29.00 | OK | |
| r-release-macos-x86_64 | 0.1.0 | 3.00 | 33.00 | 36.00 | OK | |
| r-release-windows-x86_64 | 0.1.0 | 6.00 | 54.00 | 60.00 | OK | |
| r-oldrel-macos-arm64 | 0.1.0 | 2.00 | 23.00 | 25.00 | OK | |
| r-oldrel-macos-x86_64 | 0.1.0 | 3.00 | 37.00 | 40.00 | OK | |
| r-oldrel-windows-x86_64 | 0.1.0 | 7.00 | 63.00 | 70.00 | OK |
Version: 0.1.0
Check: dependencies in R code
Result: NOTE
Namespace in Imports field not imported from: ‘scales’
All declared Imports should be used.
Flavors: r-devel-linux-x86_64-fedora-clang, r-devel-linux-x86_64-fedora-gcc