Last updated on 2025-02-22 07:51:29 CET.
Flavor | Version | Tinstall | Tcheck | Ttotal | Status | Flags |
---|---|---|---|---|---|---|
r-devel-linux-x86_64-debian-clang | 2.0.0 | 17.53 | 109.74 | 127.27 | OK | |
r-devel-linux-x86_64-debian-gcc | 2.0.0 | 12.79 | 82.62 | 95.41 | OK | |
r-devel-linux-x86_64-fedora-clang | 2.0.0 | 230.19 | OK | |||
r-devel-linux-x86_64-fedora-gcc | 2.0.0 | 247.56 | OK | |||
r-devel-macos-arm64 | 2.0.0 | 74.00 | OK | |||
r-devel-macos-x86_64 | 2.0.0 | 134.00 | OK | |||
r-devel-windows-x86_64 | 2.0.0 | 21.00 | 146.00 | 167.00 | OK | |
r-patched-linux-x86_64 | 2.0.0 | 18.47 | 112.25 | 130.72 | OK | |
r-release-linux-x86_64 | 2.0.0 | 17.57 | 113.40 | 130.97 | OK | |
r-release-macos-arm64 | 2.0.0 | 74.00 | NOTE | |||
r-release-macos-x86_64 | 2.0.0 | 172.00 | NOTE | |||
r-release-windows-x86_64 | 2.0.0 | 21.00 | 146.00 | 167.00 | OK | |
r-oldrel-macos-arm64 | 2.0.0 | 74.00 | NOTE | |||
r-oldrel-macos-x86_64 | 2.0.0 | 168.00 | NOTE | |||
r-oldrel-windows-x86_64 | 2.0.0 | 26.00 | 179.00 | 205.00 | OK |
Version: 2.0.0
Check: installed package size
Result: NOTE
installed size is 5.7Mb
sub-directories of 1Mb or more:
data 1.7Mb
doc 1.7Mb
libs 2.0Mb
Flavors: r-release-macos-arm64, r-release-macos-x86_64, r-oldrel-macos-arm64, r-oldrel-macos-x86_64